CRAN Package Check Results for Package Recon

Last updated on 2022-08-17 05:58:35 CEST.

Flavor Version Tinstall Tcheck Ttotal Status Flags
r-devel-linux-x86_64-debian-clang 0.3.0.0 2.60 24.30 26.90 NOTE
r-devel-linux-x86_64-debian-gcc 0.3.0.0 NOTE
r-devel-linux-x86_64-fedora-clang 0.3.0.0 43.48 NOTE
r-devel-linux-x86_64-fedora-gcc 0.3.0.0 41.58 NOTE
r-devel-windows-x86_64 0.3.0.0 8.00 52.00 60.00 NOTE
r-patched-linux-x86_64 0.3.0.0 2.72 23.37 26.09 NOTE
r-release-linux-x86_64 0.3.0.0 2.19 23.25 25.44 NOTE
r-release-macos-arm64 0.3.0.0 14.00 NOTE
r-release-macos-x86_64 0.3.0.0 22.00 NOTE
r-release-windows-x86_64 0.3.0.0 11.00 49.00 60.00 NOTE
r-oldrel-macos-arm64 0.3.0.0 22.00 NOTE
r-oldrel-macos-x86_64 0.3.0.0 26.00 NOTE
r-oldrel-windows-ix86+x86_64 0.3.0.0 6.00 46.00 52.00 NOTE

Check Details

Version: 0.3.0.0
Check: LazyData
Result: NOTE
     'LazyData' is specified without a 'data' directory
Flavors: r-devel-linux-x86_64-debian-clang, r-devel-linux-x86_64-debian-gcc, r-devel-linux-x86_64-fedora-clang, r-devel-linux-x86_64-fedora-gcc, r-devel-windows-x86_64, r-patched-linux-x86_64, r-release-linux-x86_64, r-release-macos-arm64, r-release-macos-x86_64, r-release-windows-x86_64, r-oldrel-macos-arm64, r-oldrel-macos-x86_64, r-oldrel-windows-ix86+x86_64