CRAN Package Check Results for Package Recon

Last updated on 2024-05-26 07:10:33 CEST.

Flavor Version Tinstall Tcheck Ttotal Status Flags
r-devel-linux-x86_64-debian-clang 0.3.0.0 2.71 24.04 26.75 NOTE
r-devel-linux-x86_64-debian-gcc 0.3.0.0 1.95 18.75 20.70 NOTE
r-devel-linux-x86_64-fedora-clang 0.3.0.0 33.76 NOTE
r-devel-linux-x86_64-fedora-gcc 0.3.0.0 31.59 NOTE
r-devel-windows-x86_64 0.3.0.0 3.00 42.00 45.00 NOTE
r-patched-linux-x86_64 0.3.0.0 2.59 23.49 26.08 NOTE
r-release-linux-x86_64 0.3.0.0 1.81 23.66 25.47 NOTE
r-release-macos-arm64 0.3.0.0 15.00 NOTE
r-release-windows-x86_64 0.3.0.0 3.00 42.00 45.00 NOTE
r-oldrel-macos-arm64 0.3.0.0 16.00 NOTE
r-oldrel-macos-x86_64 0.3.0.0 20.00 NOTE
r-oldrel-windows-x86_64 0.3.0.0 3.00 41.00 44.00 NOTE

Check Details

Version: 0.3.0.0
Check: LazyData
Result: NOTE 'LazyData' is specified without a 'data' directory Flavors: r-devel-linux-x86_64-debian-clang, r-devel-linux-x86_64-debian-gcc, r-devel-linux-x86_64-fedora-clang, r-devel-linux-x86_64-fedora-gcc, r-devel-windows-x86_64, r-patched-linux-x86_64, r-release-linux-x86_64, r-release-macos-arm64, r-release-windows-x86_64, r-oldrel-macos-arm64, r-oldrel-macos-x86_64, r-oldrel-windows-x86_64