CRAN Package Check Results for Package RedditExtractoR

Last updated on 2021-10-21 17:51:21 CEST.

Flavor Version Tinstall Tcheck Ttotal Status Flags
r-devel-linux-x86_64-debian-clang 3.0.3 2.52 24.03 26.55 OK
r-devel-linux-x86_64-debian-gcc 3.0.3 2.26 18.95 21.21 OK
r-devel-linux-x86_64-fedora-clang 3.0.3 43.31 NOTE
r-devel-linux-x86_64-fedora-gcc 3.0.5 35.12 NOTE
r-devel-windows-x86_64 3.0.3 5.00 42.00 47.00 OK
r-devel-windows-x86_64-gcc10-UCRT 3.0.3 NOTE
r-patched-linux-x86_64 3.0.3 2.96 23.08 26.04 OK
r-patched-solaris-x86 3.0.3 53.80 NOTE
r-release-linux-x86_64 3.0.3 2.81 23.43 26.24 OK
r-release-macos-arm64 3.0.3 NOTE
r-release-macos-x86_64 3.0.3 NOTE
r-release-windows-ix86+x86_64 3.0.3 5.00 45.00 50.00 OK
r-oldrel-macos-x86_64 2.1.5 OK
r-oldrel-windows-ix86+x86_64 2.1.5 20.00 58.00 78.00 OK

Check Details

Version: 3.0.3
Check: dependencies in R code
Result: NOTE
    Namespace in Imports field not imported from: ‘rlang’
     All declared Imports should be used.
Flavors: r-devel-linux-x86_64-fedora-clang, r-devel-windows-x86_64-gcc10-UCRT, r-patched-solaris-x86, r-release-macos-arm64, r-release-macos-x86_64

Version: 3.0.5
Check: dependencies in R code
Result: NOTE
    Namespace in Imports field not imported from: ‘rlang’
     All declared Imports should be used.
Flavor: r-devel-linux-x86_64-fedora-gcc