CRAN Package Check Results for Package ReinforcementLearning

Last updated on 2019-06-19 19:46:51 CEST.

Flavor Version Tinstall Tcheck Ttotal Status Flags
r-devel-linux-x86_64-debian-clang 1.0.4 6.80 43.88 50.68 OK
r-devel-linux-x86_64-debian-gcc 1.0.4 6.45 35.24 41.69 OK
r-devel-linux-x86_64-fedora-clang 1.0.4 62.20 NOTE
r-devel-linux-x86_64-fedora-gcc 1.0.4 59.65 NOTE
r-devel-windows-ix86+x86_64 1.0.4 16.00 87.00 103.00 OK
r-patched-linux-x86_64 1.0.4 6.75 43.49 50.24 OK
r-patched-solaris-x86 1.0.4 92.40 NOTE
r-release-linux-x86_64 1.0.4 6.54 44.15 50.69 OK
r-release-windows-ix86+x86_64 1.0.4 19.00 78.00 97.00 OK
r-release-osx-x86_64 1.0.4 NOTE
r-oldrel-windows-ix86+x86_64 1.0.4 8.00 75.00 83.00 OK
r-oldrel-osx-x86_64 1.0.4 NOTE

Check Details

Version: 1.0.4
Check: dependencies in R code
Result: NOTE
    Namespace in Imports field not imported from: ‘ggplot2’
     All declared Imports should be used.
Flavors: r-devel-linux-x86_64-fedora-clang, r-devel-linux-x86_64-fedora-gcc, r-patched-solaris-x86, r-release-osx-x86_64, r-oldrel-osx-x86_64