CRAN Package Check Results for Package ReinforcementLearning

Last updated on 2021-04-12 21:52:23 CEST.

Flavor Version Tinstall Tcheck Ttotal Status Flags
r-devel-linux-x86_64-debian-clang 1.0.5 7.10 49.51 56.61 OK
r-devel-linux-x86_64-debian-gcc 1.0.5 6.60 38.47 45.07 OK
r-devel-linux-x86_64-fedora-clang 1.0.5 79.10 NOTE
r-devel-linux-x86_64-fedora-gcc 1.0.5 67.78 NOTE
r-devel-windows-ix86+x86_64 1.0.5 16.00 69.00 85.00 OK
r-devel-windows-x86_64-gcc10-UCRT 1.0.5 NOTE
r-patched-linux-x86_64 1.0.5 7.48 48.13 55.61 OK
r-patched-solaris-x86 1.0.5 99.40 NOTE
r-release-linux-x86_64 1.0.5 6.84 48.02 54.86 OK
r-release-macos-x86_64 1.0.5 NOTE
r-release-windows-ix86+x86_64 1.0.5 15.00 69.00 84.00 OK
r-oldrel-macos-x86_64 1.0.5 NOTE
r-oldrel-windows-ix86+x86_64 1.0.5 14.00 51.00 65.00 OK

Check Details

Version: 1.0.5
Check: dependencies in R code
Result: NOTE
    Namespace in Imports field not imported from: ‘ggplot2’
     All declared Imports should be used.
Flavors: r-devel-linux-x86_64-fedora-clang, r-devel-linux-x86_64-fedora-gcc, r-devel-windows-x86_64-gcc10-UCRT, r-patched-solaris-x86, r-release-macos-x86_64, r-oldrel-macos-x86_64