CRAN Package Check Results for Package ReinforcementLearning

Last updated on 2019-01-22 13:51:00 CET.

Flavor Version Tinstall Tcheck Ttotal Status Flags
r-devel-linux-x86_64-debian-clang 1.0.2 4.70 42.65 47.35 OK
r-devel-linux-x86_64-debian-gcc 1.0.2 5.03 33.65 38.68 OK
r-devel-linux-x86_64-fedora-clang 1.0.2 58.59 NOTE
r-devel-linux-x86_64-fedora-gcc 1.0.2 55.24 NOTE
r-devel-windows-ix86+x86_64 1.0.2 13.00 71.00 84.00 OK
r-patched-linux-x86_64 1.0.2 5.72 39.43 45.15 OK
r-patched-solaris-x86 1.0.2 84.10 NOTE
r-release-linux-x86_64 1.0.2 5.09 40.33 45.42 OK
r-release-windows-ix86+x86_64 1.0.2 12.00 70.00 82.00 OK
r-release-osx-x86_64 1.0.2 NOTE
r-oldrel-windows-ix86+x86_64 1.0.2 13.00 75.00 88.00 OK
r-oldrel-osx-x86_64 1.0.2 NOTE

Check Details

Version: 1.0.2
Check: dependencies in R code
Result: NOTE
    Namespace in Imports field not imported from: ‘ggplot2’
     All declared Imports should be used.
Flavors: r-devel-linux-x86_64-fedora-clang, r-devel-linux-x86_64-fedora-gcc, r-patched-solaris-x86, r-release-osx-x86_64, r-oldrel-osx-x86_64