CRAN Package Check Results for Package RelValAnalysis

Last updated on 2021-02-28 12:50:16 CET.

Flavor Version Tinstall Tcheck Ttotal Status Flags
r-devel-linux-x86_64-debian-clang 1.0 3.77 33.07 36.84 NOTE
r-devel-linux-x86_64-debian-gcc 1.0 2.74 25.89 28.63 NOTE
r-devel-linux-x86_64-fedora-clang 1.0 53.40 NOTE
r-devel-linux-x86_64-fedora-gcc 1.0 44.17 NOTE
r-devel-windows-ix86+x86_64 1.0 5.00 39.00 44.00 NOTE
r-patched-linux-x86_64 1.0 3.01 31.99 35.00 NOTE
r-patched-solaris-x86 1.0 60.00 NOTE
r-release-linux-x86_64 1.0 3.15 31.78 34.93 NOTE
r-release-macos-x86_64 1.0 NOTE
r-release-windows-ix86+x86_64 1.0 23.00 53.00 76.00 NOTE
r-oldrel-macos-x86_64 1.0 NOTE
r-oldrel-windows-ix86+x86_64 1.0 4.00 51.00 55.00 NOTE

Check Details

Version: 1.0
Check: R code for possible problems
Result: NOTE
    CapDistSlope: no visible global function definition for 'coef'
    CapDistSlope: no visible global function definition for 'lm'
    EnergyEntropyDecomp: no visible global function definition for 'legend'
    FernholzDecomp: no visible global function definition for 'legend'
    Invest: no visible global function definition for 'par'
    Invest: no visible global function definition for 'legend'
    SimMarketModel: no visible global function definition for 'rnorm'
    plot.capdist: no visible global function definition for 'abline'
    plot.capdist: no visible global function definition for 'lm'
    plot.toymkt: no visible global function definition for 'par'
    plot.toymkt: no visible global function definition for 'legend'
    Undefined global functions or variables:
     abline coef legend lm par rnorm
    Consider adding
     importFrom("graphics", "abline", "legend", "par")
     importFrom("stats", "coef", "lm", "rnorm")
    to your NAMESPACE file.
Flavors: r-devel-linux-x86_64-debian-clang, r-devel-linux-x86_64-debian-gcc, r-devel-linux-x86_64-fedora-clang, r-devel-linux-x86_64-fedora-gcc, r-devel-windows-ix86+x86_64, r-patched-linux-x86_64, r-patched-solaris-x86, r-release-linux-x86_64, r-release-macos-x86_64, r-release-windows-ix86+x86_64

Version: 1.0
Check: R code for possible problems
Result: NOTE
    CapDistSlope: no visible global function definition for ‘coef’
    CapDistSlope: no visible global function definition for ‘lm’
    EnergyEntropyDecomp: no visible global function definition for ‘legend’
    FernholzDecomp: no visible global function definition for ‘legend’
    Invest: no visible global function definition for ‘par’
    Invest: no visible global function definition for ‘legend’
    SimMarketModel: no visible global function definition for ‘rnorm’
    plot.capdist: no visible global function definition for ‘plot’
    plot.capdist: no visible global function definition for ‘abline’
    plot.capdist: no visible global function definition for ‘lm’
    plot.toymkt: no visible global function definition for ‘par’
    plot.toymkt: no visible global function definition for ‘plot’
    plot.toymkt: no visible global function definition for ‘legend’
    Undefined global functions or variables:
     abline coef legend lm par plot rnorm
    Consider adding
     importFrom("graphics", "abline", "legend", "par", "plot")
     importFrom("stats", "coef", "lm", "rnorm")
    to your NAMESPACE file.
Flavors: r-oldrel-macos-x86_64, r-oldrel-windows-ix86+x86_64