CRAN Package Check Results for Package RepertoiR

Last updated on 2024-07-21 17:56:55 CEST.

Flavor Version Tinstall Tcheck Ttotal Status Flags
r-devel-linux-x86_64-debian-clang 0.0.1 4.31 64.28 68.59 NOTE
r-devel-linux-x86_64-debian-gcc 0.0.1 3.38 49.49 52.87 NOTE
r-devel-linux-x86_64-fedora-clang 0.0.1 87.64 NOTE
r-devel-linux-x86_64-fedora-gcc 0.0.1 88.06 NOTE
r-devel-windows-x86_64 0.0.1 6.00 67.00 73.00 NOTE
r-patched-linux-x86_64 0.0.1 5.10 62.88 67.98 NOTE
r-release-linux-x86_64 0.0.1 4.33 63.41 67.74 NOTE
r-release-macos-arm64 0.0.1 26.00 NOTE
r-release-macos-x86_64 0.0.1 39.00 NOTE
r-release-windows-x86_64 0.0.1 5.00 66.00 71.00 NOTE
r-oldrel-macos-arm64 0.0.1 30.00 NOTE
r-oldrel-macos-x86_64 0.0.1 44.00 NOTE
r-oldrel-windows-x86_64 0.0.1 8.00 76.00 84.00 NOTE

Check Details

Version: 0.0.1
Check: package subdirectories
Result: NOTE Problems with news in ‘NEWS.md’: No news entries found. Flavors: r-devel-linux-x86_64-debian-clang, r-devel-linux-x86_64-debian-gcc, r-devel-linux-x86_64-fedora-clang, r-devel-linux-x86_64-fedora-gcc, r-devel-windows-x86_64, r-patched-linux-x86_64, r-release-linux-x86_64, r-release-macos-arm64, r-release-macos-x86_64, r-release-windows-x86_64, r-oldrel-macos-arm64, r-oldrel-macos-x86_64, r-oldrel-windows-x86_64

Version: 0.0.1
Check: dependencies in R code
Result: NOTE Namespace in Imports field not imported from: ‘stringi’ All declared Imports should be used. Flavors: r-devel-linux-x86_64-fedora-clang, r-devel-linux-x86_64-fedora-gcc