CRAN Package Check Results for Package Replication

Last updated on 2020-10-02 00:47:03 CEST.

Flavor Version Tinstall Tcheck Ttotal Status Flags
r-devel-linux-x86_64-debian-clang 0.1.2 19.99 162.67 182.66 OK
r-devel-linux-x86_64-debian-gcc 0.1.2 17.71 122.95 140.66 OK
r-devel-linux-x86_64-fedora-clang 0.1.2 222.67 OK
r-devel-linux-x86_64-fedora-gcc 0.1.2 219.03 OK
r-devel-windows-ix86+x86_64 0.1.2 45.00 208.00 253.00 OK
r-patched-linux-x86_64 0.1.2 0.37 2.44 2.81 ERROR
r-patched-solaris-x86 0.1.2 310.30 OK
r-release-linux-x86_64 0.1.2 14.50 149.54 164.04 OK
r-release-macos-x86_64 0.1.2 OK
r-release-windows-ix86+x86_64 0.1.2 48.00 198.00 246.00 OK
r-oldrel-macos-x86_64 0.1.2 OK
r-oldrel-windows-ix86+x86_64 0.1.2 39.00 184.00 223.00 OK

Check Details

Version: 0.1.2
Check: package dependencies
Result: ERROR
    Package required but not available: ‘blavaan’
    
    See section ‘The DESCRIPTION file’ in the ‘Writing R Extensions’
    manual.
Flavor: r-patched-linux-x86_64