Last updated on 2025-06-19 20:49:40 CEST.
Flavor | Version | Tinstall | Tcheck | Ttotal | Status | Flags |
---|---|---|---|---|---|---|
r-devel-linux-x86_64-debian-clang | 0.1.9 | 11.38 | 104.41 | 115.79 | OK | |
r-devel-linux-x86_64-debian-gcc | 0.1.9 | 6.22 | 71.38 | 77.60 | OK | |
r-devel-linux-x86_64-fedora-clang | 0.1.9 | 172.07 | OK | |||
r-devel-linux-x86_64-fedora-gcc | 0.1.9 | 194.94 | OK | |||
r-devel-windows-x86_64 | 0.1.9 | 12.00 | 121.00 | 133.00 | OK | |
r-patched-linux-x86_64 | 0.1.9 | 10.55 | 96.10 | 106.65 | OK | |
r-release-linux-x86_64 | 0.1.9 | 10.16 | 96.44 | 106.60 | OK | |
r-release-macos-arm64 | 0.1.9 | 56.00 | OK | |||
r-release-macos-x86_64 | 0.1.9 | 107.00 | OK | |||
r-release-windows-x86_64 | 0.1.9 | 12.00 | 123.00 | 135.00 | OK | |
r-oldrel-macos-arm64 | 0.1.9 | 57.00 | OK | |||
r-oldrel-macos-x86_64 | 0.1.9 | 111.00 | NOTE | |||
r-oldrel-windows-x86_64 | 0.1.9 | 17.00 | 148.00 | 165.00 | OK |
Version: 0.1.9
Check: package dependencies
Result: NOTE
Packages suggested but not available for checking: 'PADOG', 'safe'
Flavor: r-oldrel-macos-x86_64
Version: 0.1.9
Check: Rd cross-references
Result: NOTE
Packages unavailable to check Rd xrefs: ‘PADOG’, ‘safe’
Flavor: r-oldrel-macos-x86_64