CRAN Package Check Results for Package Require

Last updated on 2021-04-17 10:50:13 CEST.

Flavor Version Tinstall Tcheck Ttotal Status Flags
r-devel-linux-x86_64-debian-clang 0.0.10 5.57 138.59 144.16 OK
r-devel-linux-x86_64-debian-gcc 0.0.10 3.92 100.70 104.62 OK
r-devel-linux-x86_64-fedora-clang 0.0.10 247.45 OK
r-devel-linux-x86_64-fedora-gcc 0.0.10 879.11 OK
r-devel-windows-ix86+x86_64 0.0.10 11.00 114.00 125.00 OK
r-devel-windows-x86_64-gcc10-UCRT 0.0.10 ERROR
r-patched-linux-x86_64 0.0.10 6.21 128.44 134.65 OK
r-patched-solaris-x86 0.0.10 427.60 OK
r-release-linux-x86_64 0.0.10 5.38 126.58 131.96 OK
r-release-macos-x86_64 0.0.10 OK
r-release-windows-ix86+x86_64 0.0.10 8.00 113.00 121.00 OK
r-oldrel-macos-x86_64 0.0.10 OK
r-oldrel-windows-ix86+x86_64 0.0.10 6.00 117.00 123.00 OK

Check Details

Version: 0.0.10
Check: tests
Result: ERROR
     Running 'test-all.R'
    Running the tests in 'tests/test-all.R' failed.
    Last 13 lines of output:
     unlink(filesToDel, recursive = TRUE)
     })(pkgURL = dots[[1L]][[1L]], pkgTD = dots[[2L]][[1L]])
     Browse[1]> debug: untar(tarfile = tf, exdir = dirname(pkgTD))
     Browse[2]> /usr/bin/tar: C\:\\msys64\\home\\tomas\\ucrt3\\svn\\ucrt3\\r_packages\\pkgcheck\\CRAN\\Require\\tmp\\RtmpAtB24k\\file55b068b35126: Cannot open: No such file or directory
     /usr/bin/tar: Error is not recoverable: exiting now
     debug: filesToDel <- dir(pkgTD, recursive = TRUE, full.names = TRUE,
     include.dirs = TRUE)
     Browse[2]> debug: filesToDel <- filesToDel[grep("^DESCRIPTION$", basename(filesToDel),
     invert = TRUE)]
     Browse[2]> debug: unlink(filesToDel, recursive = TRUE)
     Browse[2]> Error from lapply(DESCRIPTIONpaths, function(Dp) { ...
     Error in message(pkg, " dependencies not found on CRAN; perhaps incomplete description? On GitHub?") :
     object 'pkg' not found
     Calls: test_pkg ... pkgDepAlt -> pkgDepArchive -> lapply -> FUN -> message
     Execution halted
Flavor: r-devel-windows-x86_64-gcc10-UCRT