Last updated on 2021-03-02 15:48:11 CET.
Flavor | Version | Tinstall | Tcheck | Ttotal | Status | Flags |
---|---|---|---|---|---|---|
r-devel-linux-x86_64-debian-clang | 1.0.1 | OK | ||||
r-devel-linux-x86_64-debian-gcc | 1.0.1 | 4.33 | 40.14 | 44.47 | OK | |
r-devel-linux-x86_64-fedora-clang | 1.0.1 | 79.39 | OK | |||
r-devel-linux-x86_64-fedora-gcc | 1.0.1 | 66.08 | OK | |||
r-devel-windows-ix86+x86_64 | 1.0.1 | 10.00 | 55.00 | 65.00 | OK | |
r-patched-linux-x86_64 | 1.0.1 | 5.14 | 49.13 | 54.27 | OK | |
r-patched-solaris-x86 | 1.0.1 | 92.90 | OK | |||
r-release-linux-x86_64 | 1.0.1 | 5.38 | 49.05 | 54.43 | OK | |
r-release-macos-x86_64 | 1.0.1 | OK | ||||
r-release-windows-ix86+x86_64 | 1.0.1 | 15.00 | 76.00 | 91.00 | OK | |
r-oldrel-macos-x86_64 | 1.0.1 | NOTE | ||||
r-oldrel-windows-ix86+x86_64 | 1.0.1 | 10.00 | 76.00 | 86.00 | NOTE |
Version: 1.0.1
Check: R code for possible problems
Result: NOTE
Plot.TopJournals: no visible global function definition for ‘plot’
Plot.TopPapers: no visible global function definition for ‘plot’
Plot.papertype: no visible global function definition for ‘plot’
Undefined global functions or variables:
plot
Consider adding
importFrom("graphics", "plot")
to your NAMESPACE file.
Flavors: r-oldrel-macos-x86_64, r-oldrel-windows-ix86+x86_64