CRAN Package Check Results for Package ResidentialEnergyConsumption

Last updated on 2024-04-15 20:55:50 CEST.

Flavor Version Tinstall Tcheck Ttotal Status Flags
r-devel-linux-x86_64-debian-clang 1.1.0 4.07 25.19 29.26 OK
r-devel-linux-x86_64-debian-gcc 1.1.0 4.35 19.21 23.56 OK
r-devel-linux-x86_64-fedora-clang 1.1.0 38.44 OK
r-devel-linux-x86_64-fedora-gcc 1.1.0 36.98 OK
r-prerel-macos-arm64 1.1.0 18.00 OK
r-prerel-windows-x86_64 1.1.0 6.00 40.00 46.00 OK
r-patched-linux-x86_64 1.1.0 5.67 24.01 29.68 OK
r-release-linux-x86_64 1.1.0 5.96 23.81 29.77 OK
r-release-macos-arm64 1.1.0 19.00 OK
r-release-macos-x86_64 1.1.0 25.00 NOTE
r-release-windows-x86_64 1.1.0 7.00 42.00 49.00 OK
r-oldrel-macos-arm64 1.1.0 16.00 OK
r-oldrel-windows-x86_64 1.1.0 13.00 50.00 63.00 OK

Check Details

Version: 1.1.0
Check: installed package size
Result: NOTE installed size is 5.6Mb sub-directories of 1Mb or more: data 5.5Mb Flavor: r-release-macos-x86_64