Last updated on 2023-06-07 21:01:30 CEST.
Flavor | Version | Tinstall | Tcheck | Ttotal | Status | Flags |
---|---|---|---|---|---|---|
r-devel-linux-x86_64-debian-clang | 1.1.0 | 5.84 | 23.94 | 29.78 | OK | |
r-devel-linux-x86_64-debian-gcc | 1.1.0 | 5.71 | 19.64 | 25.35 | OK | |
r-devel-linux-x86_64-fedora-clang | 1.1.0 | 38.35 | OK | |||
r-devel-linux-x86_64-fedora-gcc | 1.1.0 | 36.86 | OK | |||
r-devel-windows-x86_64 | 1.1.0 | 7.00 | 40.00 | 47.00 | OK | |
r-patched-linux-x86_64 | 1.1.0 | 6.79 | 23.68 | 30.47 | OK | |
r-release-linux-x86_64 | 1.1.0 | 6.12 | 24.03 | 30.15 | OK | |
r-release-macos-arm64 | 1.1.0 | 19.00 | OK | |||
r-release-macos-x86_64 | 1.1.0 | 25.00 | NOTE | |||
r-release-windows-x86_64 | 1.1.0 | 7.00 | 49.00 | 56.00 | OK | |
r-oldrel-macos-arm64 | 1.1.0 | 16.00 | OK | |||
r-oldrel-macos-x86_64 | 1.1.0 | 26.00 | OK | |||
r-oldrel-windows-x86_64 | 1.1.0 | 13.00 | 50.00 | 63.00 | OK |
Version: 1.1.0
Check: installed package size
Result: NOTE
installed size is 5.6Mb
sub-directories of 1Mb or more:
data 5.5Mb
Flavor: r-release-macos-x86_64