CRAN Package Check Results for Package RevGadgets

Last updated on 2021-10-24 20:51:15 CEST.

Flavor Version Tinstall Tcheck Ttotal Status Flags
r-devel-linux-x86_64-debian-clang 1.0.0 11.50 145.06 156.56 OK
r-devel-linux-x86_64-debian-gcc 1.0.0 9.72 104.42 114.14 OK
r-devel-linux-x86_64-fedora-clang 1.0.0 197.34 NOTE
r-devel-linux-x86_64-fedora-gcc 1.0.0 180.28 OK
r-devel-windows-x86_64 1.0.0 19.00 178.00 197.00 OK
r-devel-windows-x86_64-gcc10-UCRT 1.0.0 OK
r-patched-linux-x86_64 1.0.0 10.32 136.65 146.97 OK
r-patched-solaris-x86 1.0.0 244.90 OK
r-release-linux-x86_64 1.0.0 10.95 135.20 146.15 OK
r-release-macos-arm64 1.0.0 OK
r-release-macos-x86_64 1.0.0 ERROR
r-release-windows-ix86+x86_64 1.0.0 15.00 177.00 192.00 OK
r-oldrel-macos-x86_64 1.0.0 ERROR
r-oldrel-windows-ix86+x86_64 1.0.0 26.00 8.00 34.00 ERROR

Check Details

Version: 1.0.0
Check: Rd cross-references
Result: NOTE
    Undeclared package ‘phangorn’ in Rd xrefs
Flavor: r-devel-linux-x86_64-fedora-clang

Version: 1.0.0
Check: package dependencies
Result: ERROR
    Packages required but not available: 'ggtree', 'treeio', 'deeptime'
    
    See section ‘The DESCRIPTION file’ in the ‘Writing R Extensions’
    manual.
Flavors: r-release-macos-x86_64, r-oldrel-macos-x86_64

Version: 1.0.0
Check: package dependencies
Result: ERROR
    Package required and available but unsuitable version: 'ggtree'
    
    See section 'The DESCRIPTION file' in the 'Writing R Extensions'
    manual.
Flavor: r-oldrel-windows-ix86+x86_64