CRAN Package Check Results for Package ReviewR

Last updated on 2021-10-21 19:51:26 CEST.

Flavor Version Tinstall Tcheck Ttotal Status Flags
r-devel-linux-x86_64-debian-clang 2.3.7 19.54 133.06 152.60 OK
r-devel-linux-x86_64-debian-gcc 2.3.7 17.89 98.68 116.57 OK
r-devel-linux-x86_64-fedora-clang 2.3.7 204.93 NOTE
r-devel-linux-x86_64-fedora-gcc 2.3.7 187.92 NOTE
r-devel-windows-x86_64 2.3.7 32.00 173.00 205.00 OK
r-devel-windows-x86_64-gcc10-UCRT 2.3.7 NOTE
r-patched-linux-x86_64 2.3.7 21.05 135.19 156.24 OK
r-patched-solaris-x86 2.3.7 253.40 NOTE
r-release-linux-x86_64 2.3.7 18.12 135.01 153.13 OK
r-release-macos-arm64 2.3.7 NOTE
r-release-macos-x86_64 2.3.7 NOTE
r-release-windows-ix86+x86_64 2.3.7 42.00 174.00 216.00 OK
r-oldrel-macos-x86_64 2.3.7 NOTE
r-oldrel-windows-ix86+x86_64 2.3.7 46.00 175.00 221.00 OK

Check Details

Version: 2.3.7
Check: package dependencies
Result: NOTE
    Imports includes 30 non-default packages.
    Importing from so many packages makes the package vulnerable to any of
    them becoming unavailable. Move as many as possible to Suggests and
    use conditionally.
Flavor: r-devel-linux-x86_64-fedora-clang

Version: 2.3.7
Check: dependencies in R code
Result: NOTE
    Namespace in Imports field not imported from: ‘pkgload’
     All declared Imports should be used.
Flavors: r-devel-linux-x86_64-fedora-clang, r-devel-linux-x86_64-fedora-gcc, r-devel-windows-x86_64-gcc10-UCRT, r-patched-solaris-x86, r-release-macos-arm64, r-release-macos-x86_64, r-oldrel-macos-x86_64

Version: 2.3.7
Check: data for non-ASCII characters
Result: NOTE
     Note: found 26 marked UTF-8 strings
Flavors: r-devel-linux-x86_64-fedora-clang, r-devel-linux-x86_64-fedora-gcc, r-devel-windows-x86_64-gcc10-UCRT, r-patched-solaris-x86, r-release-macos-arm64, r-release-macos-x86_64, r-oldrel-macos-x86_64