CRAN Package Check Results for Package RfEmpImp

Last updated on 2020-07-08 16:49:36 CEST.

Flavor Version Tinstall Tcheck Ttotal Status Flags
r-devel-linux-x86_64-debian-clang 2.1.5 10.38 110.28 120.66 OK
r-devel-linux-x86_64-debian-gcc 2.1.5 8.96 83.95 92.91 OK
r-devel-linux-x86_64-fedora-clang 2.1.5 143.61 OK
r-devel-linux-x86_64-fedora-gcc 2.1.5 135.12 OK
r-devel-windows-ix86+x86_64 2.1.5 19.00 124.00 143.00 OK
r-patched-linux-x86_64 2.1.5 9.18 105.86 115.04 OK
r-patched-solaris-x86 2.1.5 192.50 OK
r-release-linux-x86_64 2.1.5 9.90 107.95 117.85 OK
r-release-osx-x86_64 2.1.5 OK
r-release-windows-ix86+x86_64 2.1.5 17.00 120.00 137.00 OK
r-oldrel-osx-x86_64 2.1.5 ERROR
r-oldrel-windows-ix86+x86_64 2.1.5 23.00 168.00 191.00 ERROR

Check Details

Version: 2.1.5
Check: tests
Result: ERROR
     Running ‘testthat.R’ [7s/7s]
    Running the tests in ‘tests/testthat.R’ failed.
    Last 13 lines of output:
     >
     > test_check("RfEmpImp")
     ── 1. Failure: conv.factor works (@test-UtilFuncs-ConvFactor.R#31) ────────────
     all(factorLoc2 == c(TRUE, FALSE, FALSE)) isn't true.
    
     ── 2. Failure: conv.factor works (@test-UtilFuncs-ConvFactor.R#35) ────────────
     all(factorLoc3 == c(TRUE, FALSE, TRUE)) isn't true.
    
     ══ testthat results ═══════════════════════════════════════════════════════════
     [ OK: 640 | SKIPPED: 0 | WARNINGS: 0 | FAILED: 2 ]
     1. Failure: conv.factor works (@test-UtilFuncs-ConvFactor.R#31)
     2. Failure: conv.factor works (@test-UtilFuncs-ConvFactor.R#35)
    
     Error: testthat unit tests failed
     Execution halted
Flavor: r-oldrel-osx-x86_64

Version: 2.1.5
Check: tests
Result: ERROR
     Running 'testthat.R' [13s]
    Running the tests in 'tests/testthat.R' failed.
    Complete output:
     > library(testthat)
     > library(RfEmpImp)
     Loading required package: mice
    
     Attaching package: 'mice'
    
     The following objects are masked from 'package:base':
    
     cbind, rbind
    
     Loading required package: ranger
     >
     > test_check("RfEmpImp")
     -- 1. Failure: conv.factor works (@test-UtilFuncs-ConvFactor.R#31) ------------
     all(factorLoc2 == c(TRUE, FALSE, FALSE)) isn't true.
    
     -- 2. Failure: conv.factor works (@test-UtilFuncs-ConvFactor.R#35) ------------
     all(factorLoc3 == c(TRUE, FALSE, TRUE)) isn't true.
    
     == testthat results ===========================================================
     [ OK: 640 | SKIPPED: 0 | WARNINGS: 0 | FAILED: 2 ]
     1. Failure: conv.factor works (@test-UtilFuncs-ConvFactor.R#31)
     2. Failure: conv.factor works (@test-UtilFuncs-ConvFactor.R#35)
    
     Error: testthat unit tests failed
     Execution halted
Flavor: r-oldrel-windows-ix86+x86_64