CRAN Package Check Results for Package Rfacebook

Last updated on 2021-06-22 15:52:01 CEST.

Flavor Version Tinstall Tcheck Ttotal Status Flags
r-devel-linux-x86_64-debian-clang 0.6.15 4.88 37.15 42.03 OK
r-devel-linux-x86_64-debian-gcc 0.6.15 4.13 28.86 32.99 OK
r-devel-linux-x86_64-fedora-clang 0.6.15 59.79 OK
r-devel-linux-x86_64-fedora-gcc 0.6.15 49.17 OK
r-devel-windows-x86_64 0.6.15 8.00 53.00 61.00 OK
r-devel-windows-x86_64-gcc10-UCRT 0.6.15 ERROR
r-patched-linux-x86_64 0.6.15 5.43 36.39 41.82 OK
r-patched-solaris-x86 0.6.15 71.90 OK
r-release-linux-x86_64 0.6.15 5.32 35.97 41.29 OK
r-release-macos-arm64 0.6.15 OK
r-release-macos-x86_64 0.6.15 OK
r-release-windows-ix86+x86_64 0.6.15 8.00 57.00 65.00 OK
r-oldrel-macos-x86_64 0.6.15 OK

Check Details

Version: 0.6.15
Check: package dependencies
Result: ERROR
    Package required but not available: 'httr'
    
    See section 'The DESCRIPTION file' in the 'Writing R Extensions'
    manual.
Flavor: r-devel-windows-x86_64-gcc10-UCRT