CRAN Package Check Results for Package Rfmtool

Last updated on 2022-10-05 18:49:09 CEST.

Flavor Version Tinstall Tcheck Ttotal Status Flags
r-devel-linux-x86_64-debian-clang 4.1.8 56.93 44.26 101.19 OK
r-devel-linux-x86_64-debian-gcc 4.1.8 45.04 33.62 78.66 OK
r-devel-linux-x86_64-fedora-clang 4.1.8 153.16 WARN
r-devel-linux-x86_64-fedora-gcc 4.1.8 140.13 OK
r-devel-windows-x86_64 4.1.8 133.00 123.00 256.00 OK
r-patched-linux-x86_64 4.1.8 50.28 42.51 92.79 OK
r-release-linux-x86_64 4.1.8 46.17 42.67 88.84 OK
r-release-macos-arm64 4.1.8 40.00 NOTE
r-release-macos-x86_64 4.1.8 50.00 NOTE
r-release-windows-x86_64 4.1.8 118.00 90.00 208.00 OK
r-oldrel-macos-arm64 4.1.8 51.00 NOTE
r-oldrel-macos-x86_64 4.1.8 54.00 NOTE
r-oldrel-windows-ix86+x86_64 4.1.8 207.00 96.00 303.00 OK

Additional issues

clang15 clang15

Check Details

Version: 4.1.8
Check: whether package can be installed
Result: WARN
    Found the following significant warnings:
     ./fmrandom.h:56:17: warning: invalid UTF-8 in comment [-Winvalid-utf8]
     lp_matrix.c:2913:59: warning: invalid UTF-8 in comment [-Winvalid-utf8]
Flavor: r-devel-linux-x86_64-fedora-clang

Version: 4.1.8
Check: installed package size
Result: NOTE
     installed size is 5.6Mb
     sub-directories of 1Mb or more:
     libs 4.8Mb
Flavors: r-release-macos-arm64, r-release-macos-x86_64, r-oldrel-macos-arm64, r-oldrel-macos-x86_64