CRAN Package Check Results for Package Rfolding

Last updated on 2024-07-18 13:49:17 CEST.

Flavor Version Tinstall Tcheck Ttotal Status Flags
r-devel-linux-x86_64-debian-clang 1.0 2.25 27.73 29.98 NOTE
r-devel-linux-x86_64-debian-gcc 1.0 1.50 21.08 22.58 NOTE
r-devel-linux-x86_64-fedora-clang 1.0 38.21 NOTE
r-devel-linux-x86_64-fedora-gcc 1.0 51.58 NOTE
r-devel-windows-x86_64 1.0 4.00 44.00 48.00 NOTE
r-patched-linux-x86_64 1.0 2.21 26.61 28.82 NOTE
r-release-linux-x86_64 1.0 1.57 26.47 28.04 NOTE
r-release-macos-arm64 1.0 22.00 NOTE
r-release-macos-x86_64 1.0 31.00 NOTE
r-release-windows-x86_64 1.0 3.00 43.00 46.00 NOTE
r-oldrel-macos-arm64 1.0 19.00 NOTE
r-oldrel-macos-x86_64 1.0 32.00 NOTE
r-oldrel-windows-x86_64 1.0 3.00 44.00 47.00 NOTE

Check Details

Version: 1.0
Check: LazyData
Result: NOTE 'LazyData' is specified without a 'data' directory Flavors: r-devel-linux-x86_64-debian-clang, r-devel-linux-x86_64-debian-gcc, r-devel-linux-x86_64-fedora-clang, r-devel-linux-x86_64-fedora-gcc, r-devel-windows-x86_64, r-patched-linux-x86_64, r-release-linux-x86_64, r-release-macos-arm64, r-release-macos-x86_64, r-release-windows-x86_64, r-oldrel-macos-arm64, r-oldrel-macos-x86_64, r-oldrel-windows-x86_64