CRAN Package Check Results for Package Rforestry

Last updated on 2021-12-01 10:53:32 CET.

Flavor Version Tinstall Tcheck Ttotal Status Flags
r-devel-linux-x86_64-debian-clang 0.9.0.57 139.30 192.48 331.78 OK
r-devel-linux-x86_64-debian-gcc 0.9.0.57 102.50 153.88 256.38 OK
r-devel-linux-x86_64-fedora-clang 0.9.0.57 463.96 NOTE
r-devel-linux-x86_64-fedora-gcc 0.9.0.57 419.26 OK
r-devel-windows-x86_64-new-UL 0.9.0.57 167.00 273.00 440.00 OK
r-devel-windows-x86_64-new-TK 0.9.0.57 OK
r-devel-windows-x86_64-old 0.9.0.57 167.00 161.00 328.00 OK
r-patched-linux-x86_64 0.9.0.57 120.28 184.26 304.54 OK
r-patched-solaris-x86 0.9.0.57 1010.10 OK
r-release-linux-x86_64 0.9.0.57 118.16 185.48 303.64 OK
r-release-macos-arm64 0.9.0.57 NOTE
r-release-macos-x86_64 0.9.0.57 NOTE
r-release-windows-ix86+x86_64 0.9.0.57 324.00 339.00 663.00 OK
r-oldrel-macos-x86_64 0.9.0.57 NOTE
r-oldrel-windows-ix86+x86_64 0.9.0.57 239.00 306.00 545.00 OK

Check Details

Version: 0.9.0.57
Check: installed package size
Result: NOTE
     installed size is 7.2Mb
     sub-directories of 1Mb or more:
     libs 7.0Mb
Flavors: r-devel-linux-x86_64-fedora-clang, r-release-macos-arm64, r-release-macos-x86_64, r-oldrel-macos-x86_64