CRAN Package Check Results for Package Rglpk

Last updated on 2019-03-23 14:47:38 CET.

Flavor Version Tinstall Tcheck Ttotal Status Flags
r-devel-linux-x86_64-debian-clang 0.6-4 3.83 20.15 23.98 OK
r-devel-linux-x86_64-debian-gcc 0.6-4 2.65 16.70 19.35 OK
r-devel-linux-x86_64-fedora-clang 0.6-4 28.75 OK
r-devel-linux-x86_64-fedora-gcc 0.6-4 27.73 OK
r-devel-windows-ix86+x86_64 0.6-4 19.00 53.00 72.00 OK
r-patched-linux-x86_64 0.6-4 2.60 19.13 21.73 OK
r-patched-solaris-x86 0.6-4 42.80 NOTE
r-release-linux-x86_64 0.6-4 0.27 2.03 2.30 ERROR
r-release-windows-ix86+x86_64 0.6-4 11.00 51.00 62.00 OK
r-release-osx-x86_64 0.6-4 NOTE
r-oldrel-windows-ix86+x86_64 0.6-4 13.00 49.00 62.00 OK
r-oldrel-osx-x86_64 0.6-4 NOTE

Check Details

Version: 0.6-4
Check: Rd cross-references
Result: NOTE
    Package unavailable to check Rd xrefs: ‘Rsymphony’
Flavors: r-patched-solaris-x86, r-release-osx-x86_64, r-oldrel-osx-x86_64

Version: 0.6-4
Check: whether package can be installed
Result: ERROR
    Installation failed.
Flavor: r-release-linux-x86_64