CRAN Package Check Results for Package Rglpk

Last updated on 2019-05-23 14:49:20 CEST.

Flavor Version Tinstall Tcheck Ttotal Status Flags
r-devel-linux-x86_64-debian-clang 0.6-4 3.41 20.18 23.59 OK
r-devel-linux-x86_64-debian-gcc 0.6-4 2.81 16.45 19.26 OK
r-devel-linux-x86_64-fedora-clang 0.6-4 28.84 OK
r-devel-linux-x86_64-fedora-gcc 0.6-4 28.05 OK
r-devel-windows-ix86+x86_64 0.6-4 22.00 53.00 75.00 OK
r-patched-linux-x86_64 0.6-4 3.36 20.07 23.43 OK
r-patched-solaris-x86 0.6-4 45.20 NOTE
r-release-linux-x86_64 0.6-4 3.41 20.22 23.63 OK
r-release-windows-ix86+x86_64 0.6-4 18.00 55.00 73.00 OK
r-release-osx-x86_64 0.6-4 NOTE
r-oldrel-windows-ix86+x86_64 0.6-4 11.00 51.00 62.00 OK
r-oldrel-osx-x86_64 0.6-4 NOTE

Check Details

Version: 0.6-4
Check: Rd cross-references
Result: NOTE
    Package unavailable to check Rd xrefs: ‘Rsymphony’
Flavors: r-patched-solaris-x86, r-release-osx-x86_64, r-oldrel-osx-x86_64