CRAN Package Check Results for Package Rglpk

Last updated on 2021-04-16 01:47:14 CEST.

Flavor Version Tinstall Tcheck Ttotal Status Flags
r-devel-linux-x86_64-debian-clang 0.6-4 3.91 25.12 29.03 OK
r-devel-linux-x86_64-debian-gcc 0.6-4 2.99 19.71 22.70 OK
r-devel-linux-x86_64-fedora-clang 0.6-4 45.98 NOTE
r-devel-linux-x86_64-fedora-gcc 0.6-4 36.08 OK
r-devel-windows-ix86+x86_64 0.6-4 13.00 50.00 63.00 OK
r-devel-windows-x86_64-gcc10-UCRT 0.6-4 OK
r-patched-linux-x86_64 0.6-4 3.80 24.20 28.00 OK
r-patched-solaris-x86 0.6-4 56.30 OK
r-release-linux-x86_64 0.6-4 3.59 24.05 27.64 OK
r-release-macos-x86_64 0.6-4 NOTE
r-release-windows-ix86+x86_64 0.6-4 1.00 5.00 6.00 ERROR
r-oldrel-macos-x86_64 0.6-4 NOTE
r-oldrel-windows-ix86+x86_64 0.6-4 24.00 51.00 75.00 OK

Check Details

Version: 0.6-4
Check: Rd cross-references
Result: NOTE
    Undeclared packages ‘lpSolve’, ‘ROI’, ‘Rsymphony’ in Rd xrefs
Flavor: r-devel-linux-x86_64-fedora-clang

Version: 0.6-4
Check: Rd cross-references
Result: NOTE
    Package unavailable to check Rd xrefs: ‘Rsymphony’
Flavors: r-release-macos-x86_64, r-oldrel-macos-x86_64

Version: 0.6-4
Check: whether package can be installed
Result: ERROR
    Installation failed.
Flavor: r-release-windows-ix86+x86_64