CRAN Package Check Results for Package Rglpk

Last updated on 2019-07-24 10:48:27 CEST.

Flavor Version Tinstall Tcheck Ttotal Status Flags
r-devel-linux-x86_64-debian-clang 0.6-4 3.92 20.55 24.47 OK
r-devel-linux-x86_64-debian-gcc 0.6-4 2.69 16.60 19.29 OK
r-devel-linux-x86_64-fedora-clang 0.6-4 28.96 OK
r-devel-linux-x86_64-fedora-gcc 0.6-4 27.88 OK
r-devel-windows-ix86+x86_64 0.6-4 14.00 44.00 58.00 OK
r-patched-linux-x86_64 0.6-4 3.55 20.45 24.00 OK
r-patched-solaris-x86 0.6-4 47.90 NOTE
r-release-linux-x86_64 0.6-4 3.28 20.74 24.02 OK
r-release-windows-ix86+x86_64 0.6-4 12.00 57.00 69.00 OK
r-release-osx-x86_64 0.6-4 NOTE
r-oldrel-windows-ix86+x86_64 0.6-4 11.00 51.00 62.00 OK
r-oldrel-osx-x86_64 0.6-4 NOTE

Check Details

Version: 0.6-4
Check: Rd cross-references
Result: NOTE
    Package unavailable to check Rd xrefs: ‘Rsymphony’
Flavors: r-patched-solaris-x86, r-release-osx-x86_64, r-oldrel-osx-x86_64