CRAN Package Check Results for Package Rglpk

Last updated on 2022-08-15 11:50:46 CEST.

Flavor Version Tinstall Tcheck Ttotal Status Flags
r-devel-linux-x86_64-debian-clang 0.6-4 4.49 26.16 30.65 NOTE
r-devel-linux-x86_64-debian-gcc 0.6-4 3.23 20.49 23.72 NOTE
r-devel-linux-x86_64-fedora-clang 0.6-4 49.83 NOTE
r-devel-linux-x86_64-fedora-gcc 0.6-4 48.51 NOTE
r-devel-windows-x86_64 0.6-4 23.00 57.00 80.00 NOTE
r-patched-linux-x86_64 0.6-4 4.28 25.61 29.89 OK
r-release-linux-x86_64 0.6-4 3.59 25.22 28.81 OK
r-release-macos-arm64 0.6-4 19.00 OK
r-release-macos-x86_64 0.6-4 24.00 OK
r-release-windows-x86_64 0.6-4 11.00 53.00 64.00 OK
r-oldrel-macos-arm64 0.6-4 25.00 NOTE
r-oldrel-macos-x86_64 0.6-4 26.00 OK
r-oldrel-windows-ix86+x86_64 0.6-4 12.00 54.00 66.00 OK

Check Details

Version: 0.6-4
Check: Rd files
Result: NOTE
    checkRd: (-1) Rglpk_read_file.Rd:6: Escaped LaTeX specials: \_
Flavors: r-devel-linux-x86_64-debian-clang, r-devel-linux-x86_64-debian-gcc, r-devel-linux-x86_64-fedora-clang, r-devel-linux-x86_64-fedora-gcc, r-devel-windows-x86_64

Version: 0.6-4
Check: Rd cross-references
Result: NOTE
    Undeclared packages ‘lpSolve’, ‘ROI’, ‘Rsymphony’ in Rd xrefs
Flavor: r-devel-linux-x86_64-fedora-clang

Version: 0.6-4
Check: Rd cross-references
Result: NOTE
    Package unavailable to check Rd xrefs: ‘Rsymphony’
Flavor: r-oldrel-macos-arm64