CRAN Package Check Results for Package Rglpk

Last updated on 2020-06-05 08:50:58 CEST.

Flavor Version Tinstall Tcheck Ttotal Status Flags
r-devel-linux-x86_64-debian-clang 0.6-4 4.55 21.95 26.50 OK
r-devel-linux-x86_64-debian-gcc 0.6-4 3.09 17.55 20.64 OK
r-devel-linux-x86_64-fedora-clang 0.6-4 40.98 OK
r-devel-linux-x86_64-fedora-gcc 0.6-4 31.85 OK
r-devel-windows-ix86+x86_64 0.6-4 16.00 49.00 65.00 OK
r-patched-linux-x86_64 0.6-4 3.79 22.10 25.89 OK
r-patched-solaris-x86 0.6-4 52.40 NOTE
r-release-linux-x86_64 0.6-4 3.61 22.04 25.65 OK
r-release-osx-x86_64 0.6-4 NOTE
r-release-windows-ix86+x86_64 0.6-4 12.00 42.00 54.00 OK
r-oldrel-osx-x86_64 0.6-4 NOTE
r-oldrel-windows-ix86+x86_64 0.6-4 1.00 5.00 6.00 ERROR

Check Details

Version: 0.6-4
Check: Rd cross-references
Result: NOTE
    Package unavailable to check Rd xrefs: ‘Rsymphony’
Flavors: r-patched-solaris-x86, r-release-osx-x86_64, r-oldrel-osx-x86_64

Version: 0.6-4
Check: whether package can be installed
Result: ERROR
    Installation failed.
Flavor: r-oldrel-windows-ix86+x86_64