CRAN Package Check Results for Package RgoogleMaps

Last updated on 2022-12-07 03:57:34 CET.

Flavor Version Tinstall Tcheck Ttotal Status Flags
r-devel-linux-x86_64-debian-clang 1.4.5.3 6.07 54.35 60.42 NOTE
r-devel-linux-x86_64-debian-gcc 1.4.5.3 4.25 41.90 46.15 NOTE
r-devel-linux-x86_64-fedora-clang 1.4.5.3 87.49 NOTE
r-devel-linux-x86_64-fedora-gcc 1.4.5.3 83.09 NOTE
r-devel-windows-x86_64 1.4.5.3 47.00 90.00 137.00 NOTE
r-patched-linux-x86_64 1.4.5.3 7.77 50.83 58.60 OK
r-release-linux-x86_64 1.4.5.3 3.90 49.94 53.84 OK
r-release-macos-arm64 1.4.5.3 26.00 OK
r-release-macos-x86_64 1.4.5.3 42.00 OK
r-release-windows-x86_64 1.4.5.3 45.00 87.00 132.00 OK
r-oldrel-macos-arm64 1.4.5.3 30.00 OK
r-oldrel-macos-x86_64 1.4.5.3 42.00 OK
r-oldrel-windows-ix86+x86_64 1.4.5.3 12.00 79.00 91.00 OK

Check Details

Version: 1.4.5.3
Check: Rd files
Result: NOTE
    checkRd: (-1) columbus.Rd:24: Escaped LaTeX specials: \_
    checkRd: (-1) columbus.Rd:25: Escaped LaTeX specials: \_
    checkRd: (-1) columbus.Rd:29: Escaped LaTeX specials: \$
    checkRd: (-1) columbus.Rd:30: Escaped LaTeX specials: \$
Flavors: r-devel-linux-x86_64-debian-clang, r-devel-linux-x86_64-debian-gcc, r-devel-linux-x86_64-fedora-clang, r-devel-linux-x86_64-fedora-gcc, r-devel-windows-x86_64