CRAN Package Check Results for Package RiemBase

Last updated on 2022-12-02 06:51:24 CET.

Flavor Version Tinstall Tcheck Ttotal Status Flags
r-devel-linux-x86_64-debian-clang 0.2.5 54.27 35.14 89.41 OK
r-devel-linux-x86_64-debian-gcc 0.2.5 46.58 27.29 73.87 OK
r-devel-linux-x86_64-fedora-clang 0.2.5 134.29 OK
r-devel-linux-x86_64-fedora-gcc 0.2.5 128.96 OK
r-devel-windows-x86_64 0.2.5 60.00 86.00 146.00 OK
r-patched-linux-x86_64 0.2.5 46.61 33.06 79.67 OK
r-release-linux-x86_64 0.2.5 37.81 32.68 70.49 OK
r-release-macos-arm64 0.2.5 35.00 NOTE
r-release-macos-x86_64 0.2.5 44.00 NOTE
r-release-windows-x86_64 0.2.5 54.00 89.00 143.00 OK
r-oldrel-macos-arm64 0.2.5 42.00 NOTE
r-oldrel-macos-x86_64 0.2.5 48.00 NOTE
r-oldrel-windows-ix86+x86_64 0.2.5 123.00 83.00 206.00 OK

Check Details

Version: 0.2.5
Check: installed package size
Result: NOTE
     installed size is 5.5Mb
     sub-directories of 1Mb or more:
     libs 5.3Mb
Flavors: r-release-macos-arm64, r-release-macos-x86_64, r-oldrel-macos-arm64, r-oldrel-macos-x86_64