Last updated on 2025-01-13 13:49:25 CET.
Flavor | Version | Tinstall | Tcheck | Ttotal | Status | Flags |
---|---|---|---|---|---|---|
r-devel-linux-x86_64-debian-clang | 0.2.5 | 36.55 | 26.56 | 63.11 | NOTE | |
r-devel-linux-x86_64-debian-gcc | 0.2.5 | 26.42 | 21.03 | 47.45 | NOTE | |
r-devel-linux-x86_64-fedora-clang | 0.2.5 | 113.37 | NOTE | |||
r-devel-linux-x86_64-fedora-gcc | 0.2.5 | 129.85 | NOTE | |||
r-devel-windows-x86_64 | 0.2.5 | 42.00 | 77.00 | 119.00 | NOTE | |
r-patched-linux-x86_64 | 0.2.5 | 38.18 | 25.35 | 63.53 | NOTE | |
r-release-linux-x86_64 | 0.2.5 | 36.66 | 25.43 | 62.09 | NOTE | |
r-release-macos-arm64 | 0.2.5 | 33.00 | NOTE | |||
r-release-macos-x86_64 | 0.2.5 | 53.00 | NOTE | |||
r-release-windows-x86_64 | 0.2.5 | 39.00 | 71.00 | 110.00 | NOTE | |
r-oldrel-macos-arm64 | 0.2.5 | 36.00 | NOTE | |||
r-oldrel-macos-x86_64 | 0.2.5 | 59.00 | NOTE | |||
r-oldrel-windows-x86_64 | 0.2.5 | 42.00 | 8.00 | 50.00 | ERROR |
Version: 0.2.5
Check: C++ specification
Result: NOTE
Specified C++11: please drop specification unless essential
Flavors: r-devel-linux-x86_64-debian-clang, r-devel-linux-x86_64-debian-gcc, r-devel-linux-x86_64-fedora-clang, r-devel-linux-x86_64-fedora-gcc, r-devel-windows-x86_64, r-patched-linux-x86_64, r-release-linux-x86_64, r-release-macos-arm64, r-release-macos-x86_64, r-release-windows-x86_64, r-oldrel-macos-arm64, r-oldrel-macos-x86_64
Version: 0.2.5
Check: installed package size
Result: NOTE
installed size is 5.5Mb
sub-directories of 1Mb or more:
libs 5.3Mb
Flavors: r-release-macos-arm64, r-release-macos-x86_64, r-oldrel-macos-arm64, r-oldrel-macos-x86_64
Version: 0.2.5
Check: whether package can be installed
Result: ERROR
Installation failed.
Flavor: r-oldrel-windows-x86_64