CRAN Package Check Results for Package RiemGrassmann

Last updated on 2020-08-09 18:49:49 CEST.

Flavor Version Tinstall Tcheck Ttotal Status Flags
r-devel-linux-x86_64-debian-clang 0.1.0 34.04 44.67 78.71 OK
r-devel-linux-x86_64-debian-gcc 0.1.0 25.18 34.61 59.79 OK
r-devel-linux-x86_64-fedora-clang 0.1.0 106.57 NOTE
r-devel-linux-x86_64-fedora-gcc 0.1.0 94.60 OK
r-devel-windows-ix86+x86_64 0.1.0 76.00 118.00 194.00 OK
r-patched-linux-x86_64 0.1.0 24.62 43.72 68.34 OK
r-patched-solaris-x86 0.1.0 122.00 OK
r-release-linux-x86_64 0.1.0 27.33 43.98 71.31 OK
r-release-macos-x86_64 0.1.0 OK
r-release-windows-ix86+x86_64 0.1.0 95.00 83.00 178.00 OK
r-oldrel-macos-x86_64 0.1.0 OK
r-oldrel-windows-ix86+x86_64 0.1.0 62.00 109.00 171.00 OK

Check Details

Version: 0.1.0
Check: Rd cross-references
Result: NOTE
    Undeclared package ‘fastcluster’ in Rd xrefs
Flavor: r-devel-linux-x86_64-fedora-clang