CRAN Package Check Results for Package RiemStiefel

Last updated on 2020-08-12 23:49:46 CEST.

Flavor Version Tinstall Tcheck Ttotal Status Flags
r-devel-linux-x86_64-debian-clang 0.1.1 33.00 55.84 88.84 OK
r-devel-linux-x86_64-debian-gcc 0.1.1 23.78 42.60 66.38 OK
r-devel-linux-x86_64-fedora-clang 0.1.1 120.64 NOTE
r-devel-linux-x86_64-fedora-gcc 0.1.1 105.97 NOTE
r-devel-windows-ix86+x86_64 0.1.1 74.00 138.00 212.00 OK
r-patched-linux-x86_64 0.1.1 24.41 54.31 78.72 OK
r-patched-solaris-x86 0.1.1 137.80 NOTE
r-release-linux-x86_64 0.1.1 24.87 54.87 79.74 OK
r-release-macos-x86_64 0.1.1 NOTE
r-release-windows-ix86+x86_64 0.1.1 98.00 108.00 206.00 OK
r-oldrel-macos-x86_64 0.1.1 NOTE
r-oldrel-windows-ix86+x86_64 0.1.1 58.00 135.00 193.00 OK

Check Details

Version: 0.1.1
Check: dependencies in R code
Result: NOTE
    Namespace in Imports field not imported from: ‘Rdpack’
     All declared Imports should be used.
Flavors: r-devel-linux-x86_64-fedora-clang, r-devel-linux-x86_64-fedora-gcc, r-patched-solaris-x86, r-release-macos-x86_64, r-oldrel-macos-x86_64

Version: 0.1.1
Check: Rd cross-references
Result: NOTE
    Undeclared package ‘fastcluster’ in Rd xrefs
Flavor: r-devel-linux-x86_64-fedora-clang