Last updated on 2023-03-30 22:55:10 CEST.
Flavor | Version | Tinstall | Tcheck | Ttotal | Status | Flags |
---|---|---|---|---|---|---|
r-devel-linux-x86_64-debian-clang | 0.1.4 | 309.45 | 245.35 | 554.80 | NOTE | |
r-devel-linux-x86_64-debian-gcc | 0.1.4 | 251.71 | 186.84 | 438.55 | NOTE | |
r-devel-linux-x86_64-fedora-clang | 0.1.4 | 866.64 | NOTE | |||
r-devel-linux-x86_64-fedora-gcc | 0.1.4 | 796.83 | NOTE | |||
r-devel-windows-x86_64 | 0.1.4 | 365.00 | 332.00 | 697.00 | NOTE | |
r-patched-linux-x86_64 | 0.1.4 | 282.58 | 231.56 | 514.14 | NOTE | |
r-release-linux-x86_64 | 0.1.4 | 263.24 | 217.39 | 480.63 | OK | |
r-release-macos-arm64 | 0.1.4 | 171.00 | NOTE | |||
r-release-macos-x86_64 | 0.1.4 | 261.00 | NOTE | |||
r-release-windows-x86_64 | 0.1.4 | 279.00 | 317.00 | 596.00 | OK | |
r-oldrel-macos-arm64 | 0.1.4 | 142.00 | NOTE | |||
r-oldrel-macos-x86_64 | 0.1.4 | 199.00 | NOTE | |||
r-oldrel-windows-ix86+x86_64 | 0.1.4 | 747.00 | 368.00 | 1115.00 | NOTE |
Version: 0.1.4
Check: C++ specification
Result: NOTE
Specified C++11: please drop specification unless essential
Flavors: r-devel-linux-x86_64-debian-clang, r-devel-linux-x86_64-debian-gcc, r-devel-linux-x86_64-fedora-clang, r-devel-linux-x86_64-fedora-gcc, r-devel-windows-x86_64, r-patched-linux-x86_64
Version: 0.1.4
Check: Rd files
Result: NOTE
checkRd: (-1) acg.Rd:72: Escaped LaTeX specials: \&
checkRd: (-1) gorilla.Rd:41: Escaped LaTeX specials: \&
checkRd: (-1) grassmann.utest.Rd:63: Escaped LaTeX specials: \&
checkRd: (-1) macg.Rd:71: Escaped LaTeX specials: \&
checkRd: (-1) sphere.utest.Rd:47: Escaped LaTeX specials: \&
checkRd: (-1) stiefel.utest.Rd:64: Escaped LaTeX specials: \&
checkRd: (-1) wrap.landmark.Rd:41: Escaped LaTeX specials: \&
Flavors: r-devel-linux-x86_64-debian-clang, r-devel-linux-x86_64-debian-gcc, r-devel-linux-x86_64-fedora-clang, r-devel-linux-x86_64-fedora-gcc, r-devel-windows-x86_64, r-patched-linux-x86_64
Version: 0.1.4
Check: installed package size
Result: NOTE
installed size is 17.6Mb
sub-directories of 1Mb or more:
data 1.6Mb
libs 15.2Mb
Flavors: r-release-macos-arm64, r-release-macos-x86_64, r-oldrel-macos-arm64, r-oldrel-macos-x86_64, r-oldrel-windows-ix86+x86_64