CRAN Package Check Results for Package Riemann

Last updated on 2025-01-18 04:48:35 CET.

Flavor Version Tinstall Tcheck Ttotal Status Flags
r-devel-linux-x86_64-debian-clang 0.1.4 216.78 191.80 408.58 NOTE
r-devel-linux-x86_64-debian-gcc 0.1.4 153.25 132.97 286.22 NOTE
r-devel-linux-x86_64-fedora-clang 0.1.4 748.63 NOTE
r-devel-linux-x86_64-fedora-gcc 0.1.4 803.04 NOTE
r-devel-windows-x86_64 0.1.4 212.00 224.00 436.00 NOTE
r-patched-linux-x86_64 0.1.4 218.32 175.00 393.32 NOTE
r-release-linux-x86_64 0.1.4 215.01 174.98 389.99 NOTE
r-release-macos-arm64 0.1.4 164.00 NOTE
r-release-macos-x86_64 0.1.4 212.00 NOTE
r-release-windows-x86_64 0.1.4 213.00 226.00 439.00 NOTE
r-oldrel-macos-arm64 0.1.4 200.00 NOTE
r-oldrel-macos-x86_64 0.1.4 341.00 NOTE
r-oldrel-windows-x86_64 0.1.4 228.00 8.00 236.00 ERROR

Check Details

Version: 0.1.4
Check: C++ specification
Result: NOTE Specified C++11: please drop specification unless essential Flavors: r-devel-linux-x86_64-debian-clang, r-devel-linux-x86_64-debian-gcc, r-devel-linux-x86_64-fedora-clang, r-devel-linux-x86_64-fedora-gcc, r-devel-windows-x86_64, r-patched-linux-x86_64, r-release-linux-x86_64, r-release-macos-arm64, r-release-macos-x86_64, r-release-windows-x86_64, r-oldrel-macos-arm64, r-oldrel-macos-x86_64

Version: 0.1.4
Check: Rd files
Result: NOTE checkRd: (-1) acg.Rd:72: Escaped LaTeX specials: \& checkRd: (-1) gorilla.Rd:41: Escaped LaTeX specials: \& checkRd: (-1) grassmann.utest.Rd:63: Escaped LaTeX specials: \& checkRd: (-1) macg.Rd:71: Escaped LaTeX specials: \& checkRd: (-1) sphere.utest.Rd:47: Escaped LaTeX specials: \& checkRd: (-1) stiefel.utest.Rd:64: Escaped LaTeX specials: \& checkRd: (-1) wrap.landmark.Rd:41: Escaped LaTeX specials: \& Flavors: r-devel-linux-x86_64-debian-clang, r-devel-linux-x86_64-debian-gcc, r-devel-linux-x86_64-fedora-clang, r-devel-linux-x86_64-fedora-gcc, r-devel-windows-x86_64, r-patched-linux-x86_64, r-release-linux-x86_64, r-release-macos-arm64, r-release-macos-x86_64, r-release-windows-x86_64, r-oldrel-macos-arm64, r-oldrel-macos-x86_64

Version: 0.1.4
Check: installed package size
Result: NOTE installed size is 17.8Mb sub-directories of 1Mb or more: data 1.6Mb libs 15.4Mb Flavors: r-release-macos-arm64, r-release-macos-x86_64, r-oldrel-macos-arm64, r-oldrel-macos-x86_64

Version: 0.1.4
Check: whether package can be installed
Result: ERROR Installation failed. Flavor: r-oldrel-windows-x86_64