CRAN Package Check Results for Package Rirt

Last updated on 2021-08-05 22:55:06 CEST.

Flavor Version Tinstall Tcheck Ttotal Status Flags
r-devel-linux-x86_64-debian-clang 0.0.2 44.74 74.72 119.46 OK
r-devel-linux-x86_64-debian-gcc 0.0.2 28.86 54.75 83.61 OK
r-devel-linux-x86_64-fedora-clang 0.0.2 160.44 OK
r-devel-linux-x86_64-fedora-gcc 0.0.2 140.13 OK
r-devel-windows-x86_64 0.0.2 55.00 100.00 155.00 OK
r-devel-windows-x86_64-gcc10-UCRT 0.0.2 ERROR
r-patched-linux-x86_64 0.0.2 35.42 68.54 103.96 OK
r-patched-solaris-x86 0.0.2 168.00 OK
r-release-linux-x86_64 0.0.2 36.49 68.78 105.27 OK
r-release-macos-arm64 0.0.2 OK
r-release-macos-x86_64 0.0.2 OK
r-release-windows-ix86+x86_64 0.0.2 98.00 104.00 202.00 OK
r-oldrel-macos-x86_64 0.0.2 OK
r-oldrel-windows-ix86+x86_64 0.0.2 90.00 141.00 231.00 OK

Check Details

Version: 0.0.2
Check: package dependencies
Result: ERROR
    Package required but not available: 'ggplot2'
    
    Package suggested but not available for checking: 'testthat'
    
    See section 'The DESCRIPTION file' in the 'Writing R Extensions'
    manual.
Flavor: r-devel-windows-x86_64-gcc10-UCRT