CRAN Package Check Results for Package Rita

Last updated on 2024-07-18 11:53:07 CEST.

Flavor Version Tinstall Tcheck Ttotal Status Flags
r-devel-linux-x86_64-debian-clang 1.2.0 2.77 37.73 40.50 OK
r-devel-linux-x86_64-debian-gcc 1.2.0 2.64 27.39 30.03 OK
r-devel-linux-x86_64-fedora-clang 1.2.0 50.85 NOTE
r-devel-linux-x86_64-fedora-gcc 1.2.0 50.75 NOTE
r-devel-windows-x86_64 1.2.0 4.00 51.00 55.00 OK
r-patched-linux-x86_64 1.2.0 3.88 36.44 40.32 OK
r-release-linux-x86_64 1.2.0 3.18 36.90 40.08 OK
r-release-macos-arm64 1.2.0 17.00 OK
r-release-macos-x86_64 1.2.0 28.00 OK
r-release-windows-x86_64 1.2.0 4.00 51.00 55.00 OK
r-oldrel-macos-arm64 1.2.0 19.00 OK
r-oldrel-macos-x86_64 1.2.0 26.00 OK
r-oldrel-windows-x86_64 1.2.0 4.00 55.00 59.00 OK

Check Details

Version: 1.2.0
Check: dependencies in R code
Result: NOTE Namespace in Imports field not imported from: ‘base’ All declared Imports should be used. Flavors: r-devel-linux-x86_64-fedora-clang, r-devel-linux-x86_64-fedora-gcc