CRAN Package Check Results for Package RiverBuilder

Last updated on 2023-11-30 07:52:47 CET.

Flavor Version Tinstall Tcheck Ttotal Status Flags
r-devel-linux-x86_64-debian-clang 0.1.1 3.54 27.23 30.77 NOTE
r-devel-linux-x86_64-debian-gcc 0.1.1 3.26 20.72 23.98 NOTE
r-devel-linux-x86_64-fedora-clang 0.1.1 38.69 NOTE
r-devel-linux-x86_64-fedora-gcc 0.1.1 36.85 NOTE
r-devel-windows-x86_64 0.1.1 5.00 39.00 44.00 NOTE
r-patched-linux-x86_64 0.1.1 4.09 26.49 30.58 NOTE
r-release-linux-x86_64 0.1.1 3.55 26.67 30.22 NOTE
r-release-macos-arm64 0.1.1 15.00 NOTE
r-release-macos-x86_64 0.1.1 20.00 NOTE
r-release-windows-x86_64 0.1.1 6.00 39.00 45.00 NOTE
r-oldrel-macos-arm64 0.1.1 15.00 NOTE
r-oldrel-macos-x86_64 0.1.1 21.00 NOTE
r-oldrel-windows-x86_64 0.1.1 7.00 45.00 52.00 NOTE

Check Details

Version: 0.1.1
Check: LazyData
Result: NOTE 'LazyData' is specified without a 'data' directory Flavors: r-devel-linux-x86_64-debian-clang, r-devel-linux-x86_64-debian-gcc, r-devel-linux-x86_64-fedora-clang, r-devel-linux-x86_64-fedora-gcc, r-devel-windows-x86_64, r-patched-linux-x86_64, r-release-linux-x86_64, r-release-macos-arm64, r-release-macos-x86_64, r-release-windows-x86_64, r-oldrel-macos-arm64, r-oldrel-macos-x86_64, r-oldrel-windows-x86_64