CRAN Package Check Results for Package Rivivc

Last updated on 2021-10-26 02:56:42 CEST.

Flavor Version Tinstall Tcheck Ttotal Status Flags
r-devel-linux-x86_64-debian-clang 0.9 2.32 27.15 29.47 NOTE
r-devel-linux-x86_64-debian-gcc 0.9 1.60 21.89 23.49 NOTE
r-devel-linux-x86_64-fedora-clang 0.9 47.87 NOTE
r-devel-linux-x86_64-fedora-gcc 0.9 38.11 NOTE
r-devel-windows-x86_64 0.9 4.00 36.00 40.00 NOTE
r-devel-windows-x86_64-gcc10-UCRT 0.9 NOTE
r-patched-linux-x86_64 0.9 2.16 27.42 29.58 NOTE
r-patched-solaris-x86 0.9 61.90 NOTE
r-release-linux-x86_64 0.9 2.04 27.30 29.34 NOTE
r-release-macos-arm64 0.9 NOTE
r-release-macos-x86_64 0.9 NOTE
r-release-windows-ix86+x86_64 0.9 4.00 46.00 50.00 NOTE
r-oldrel-macos-x86_64 0.9 NOTE
r-oldrel-windows-ix86+x86_64 0.9 6.00 48.00 54.00 NOTE

Check Details

Version: 0.9
Check: dependencies in R code
Result: NOTE
    Packages in Depends field not imported from:
     'compiler' 'signal'
     These packages need to be imported from (in the NAMESPACE file)
     for when this namespace is loaded but not attached.
Flavors: r-devel-linux-x86_64-debian-clang, r-devel-linux-x86_64-debian-gcc, r-devel-linux-x86_64-fedora-clang, r-devel-linux-x86_64-fedora-gcc, r-devel-windows-x86_64, r-devel-windows-x86_64-gcc10-UCRT, r-patched-linux-x86_64, r-patched-solaris-x86, r-release-linux-x86_64, r-release-macos-arm64, r-release-macos-x86_64, r-release-windows-ix86+x86_64, r-oldrel-macos-x86_64, r-oldrel-windows-ix86+x86_64

Version: 0.9
Check: R code for possible problems
Result: NOTE
    NumConv: no visible global function definition for 'pchip'
    NumConv: no visible global function definition for 'cmpfun'
    NumDeconv: no visible global function definition for 'pchip'
    NumDeconv : error_function: no visible global function definition for
     'pchip'
    NumDeconv: no visible global function definition for 'cmpfun'
    NumDeconv: no visible global function definition for 'optim'
    RivivcA: no visible global function definition for 'lm'
    Undefined global functions or variables:
     cmpfun lm optim pchip
    Consider adding
     importFrom("stats", "lm", "optim")
    to your NAMESPACE file.
Flavors: r-devel-linux-x86_64-debian-clang, r-devel-linux-x86_64-debian-gcc, r-devel-linux-x86_64-fedora-clang, r-devel-linux-x86_64-fedora-gcc, r-devel-windows-x86_64, r-devel-windows-x86_64-gcc10-UCRT, r-patched-linux-x86_64, r-patched-solaris-x86, r-release-linux-x86_64, r-release-macos-arm64, r-release-macos-x86_64, r-release-windows-ix86+x86_64, r-oldrel-macos-x86_64, r-oldrel-windows-ix86+x86_64

Version: 0.9
Check: Rd line widths
Result: NOTE
    Rd file 'NumConv.Rd':
     \usage lines wider than 90 characters:
     NumConv(impulse.matrix, input.matrix, conv.timescale = NULL, explicit.interpolation = 1000)
    
    Rd file 'RivivcA.Rd':
     \examples lines wider than 100 characters:
     result<-RivivcA(input_mtx,impulse_mtx,resp_mtx,explicit.interp=accur_explic,implicit.interp=accur_implic)
    
    These lines will be truncated in the PDF manual.
Flavors: r-devel-linux-x86_64-debian-clang, r-devel-linux-x86_64-debian-gcc, r-devel-linux-x86_64-fedora-clang, r-devel-linux-x86_64-fedora-gcc, r-patched-linux-x86_64, r-release-linux-x86_64