CRAN Package Check Results for Package Rlda

Last updated on 2021-02-27 07:53:58 CET.

Flavor Version Tinstall Tcheck Ttotal Status Flags
r-devel-linux-x86_64-debian-clang 0.2.6 140.70 47.05 187.75 OK
r-devel-linux-x86_64-debian-gcc 0.2.6 96.35 36.98 133.33 OK
r-devel-linux-x86_64-fedora-clang 0.2.6 265.19 NOTE
r-devel-linux-x86_64-fedora-gcc 0.2.6 236.36 OK
r-devel-windows-ix86+x86_64 0.2.6 223.00 81.00 304.00 OK
r-patched-linux-x86_64 0.2.6 115.30 45.51 160.81 OK
r-patched-solaris-x86 0.2.6 228.30 OK
r-release-linux-x86_64 0.2.6 107.33 45.38 152.71 OK
r-release-macos-x86_64 0.2.6 NOTE
r-release-windows-ix86+x86_64 0.2.6 266.00 99.00 365.00 OK
r-oldrel-macos-x86_64 0.2.6 NOTE
r-oldrel-windows-ix86+x86_64 0.2.6 194.00 69.00 263.00 OK

Check Details

Version: 0.2.6
Check: installed package size
Result: NOTE
     installed size is 8.2Mb
     sub-directories of 1Mb or more:
     libs 7.2Mb
Flavors: r-devel-linux-x86_64-fedora-clang, r-release-macos-x86_64, r-oldrel-macos-x86_64