CRAN Package Check Results for Package Rlgt

Last updated on 2022-12-08 10:02:12 CET.

Flavor Version Tinstall Tcheck Ttotal Status Flags
r-devel-linux-x86_64-debian-clang 0.1-4 394.56 146.25 540.81 NOTE
r-devel-linux-x86_64-debian-gcc 0.1-4 342.35 128.43 470.78 NOTE
r-devel-linux-x86_64-fedora-clang 0.1-4 665.49 NOTE
r-devel-linux-x86_64-fedora-gcc 0.1-4 800.65 NOTE
r-devel-windows-x86_64 0.1-4 249.00 231.00 480.00 NOTE
r-patched-linux-x86_64 0.1-4 278.40 158.21 436.61 NOTE
r-release-linux-x86_64 0.1-4 261.77 161.70 423.47 NOTE
r-release-macos-arm64 0.1-4 210.00 NOTE
r-release-macos-x86_64 0.1-4 266.00 NOTE
r-release-windows-x86_64 0.1-4 258.00 237.00 495.00 NOTE
r-oldrel-macos-arm64 0.1-4 200.00 NOTE
r-oldrel-macos-x86_64 0.1-4 273.00 NOTE
r-oldrel-windows-ix86+x86_64 0.1-4 357.00 19.00 376.00 ERROR

Check Details

Version: 0.1-4
Check: for GNU extensions in Makefiles
Result: NOTE
    GNU make is a SystemRequirements.
Flavors: r-devel-linux-x86_64-debian-clang, r-devel-linux-x86_64-debian-gcc, r-devel-linux-x86_64-fedora-clang, r-devel-linux-x86_64-fedora-gcc, r-devel-windows-x86_64, r-patched-linux-x86_64, r-release-linux-x86_64, r-release-macos-arm64, r-release-macos-x86_64, r-release-windows-x86_64, r-oldrel-macos-arm64, r-oldrel-macos-x86_64

Version: 0.1-4
Check: installed package size
Result: NOTE
     installed size is 5.0Mb
     sub-directories of 1Mb or more:
     libs 4.3Mb
Flavors: r-devel-linux-x86_64-fedora-clang, r-release-macos-arm64, r-release-macos-x86_64, r-oldrel-macos-arm64, r-oldrel-macos-x86_64

Version: 0.1-4
Check: whether package can be installed
Result: ERROR
    Installation failed.
Flavor: r-oldrel-windows-ix86+x86_64