CRAN Package Check Results for Package Rlinkedin

Last updated on 2021-09-20 06:49:12 CEST.

Flavor Version Tinstall Tcheck Ttotal Status Flags
r-devel-linux-x86_64-debian-clang 0.2 4.56 40.80 45.36 NOTE
r-devel-linux-x86_64-debian-gcc 0.2 3.77 31.94 35.71 NOTE
r-devel-linux-x86_64-fedora-clang 0.2 64.74 NOTE
r-devel-linux-x86_64-fedora-gcc 0.2 53.98 NOTE
r-devel-windows-x86_64 0.2 7.00 48.00 55.00 NOTE
r-devel-windows-x86_64-gcc10-UCRT 0.2 ERROR
r-patched-linux-x86_64 0.2 5.22 39.76 44.98 NOTE
r-patched-solaris-x86 0.2 81.20 NOTE
r-release-linux-x86_64 0.2 4.58 39.74 44.32 NOTE
r-release-macos-arm64 0.2 NOTE
r-release-macos-x86_64 0.2 NOTE
r-release-windows-ix86+x86_64 0.2 11.00 64.00 75.00 NOTE
r-oldrel-macos-x86_64 0.2 OK
r-oldrel-windows-ix86+x86_64 0.2 10.00 63.00 73.00 OK

Check Details

Version: 0.2
Check: LazyData
Result: NOTE
     'LazyData' is specified without a 'data' directory
Flavors: r-devel-linux-x86_64-debian-clang, r-devel-linux-x86_64-debian-gcc, r-devel-linux-x86_64-fedora-clang, r-devel-linux-x86_64-fedora-gcc, r-devel-windows-x86_64, r-patched-linux-x86_64, r-patched-solaris-x86, r-release-linux-x86_64, r-release-macos-arm64, r-release-macos-x86_64, r-release-windows-ix86+x86_64

Version: 0.2
Check: package dependencies
Result: ERROR
    Package required but not available: 'XML'
    
    See section 'The DESCRIPTION file' in the 'Writing R Extensions'
    manual.
Flavor: r-devel-windows-x86_64-gcc10-UCRT