Last updated on 2023-03-31 03:52:40 CEST.
Flavor | Version | Tinstall | Tcheck | Ttotal | Status | Flags |
---|---|---|---|---|---|---|
r-devel-linux-x86_64-debian-clang | 0.3.2 | 318.08 | 86.59 | 404.67 | NOTE | |
r-devel-linux-x86_64-debian-gcc | 0.3.2 | 247.03 | 66.80 | 313.83 | NOTE | |
r-devel-linux-x86_64-fedora-clang | 0.3.2 | 571.18 | NOTE | |||
r-devel-linux-x86_64-fedora-gcc | 0.3.2 | 542.90 | NOTE | |||
r-devel-windows-x86_64 | 0.3.2 | 231.00 | 0.00 | 231.00 | NOTE | |
r-patched-linux-x86_64 | 0.3.2 | 251.64 | 83.37 | 335.01 | NOTE | |
r-release-linux-x86_64 | 0.3.2 | 238.43 | 80.38 | 318.81 | OK | |
r-release-macos-arm64 | 0.3.2 | 119.00 | NOTE | |||
r-release-macos-x86_64 | 0.3.2 | 151.00 | NOTE | |||
r-release-windows-x86_64 | 0.3.2 | 206.00 | 138.00 | 344.00 | OK | |
r-oldrel-macos-arm64 | 0.3.2 | 132.00 | NOTE | |||
r-oldrel-macos-x86_64 | 0.3.2 | 162.00 | NOTE | |||
r-oldrel-windows-ix86+x86_64 | 0.3.2 | 668.00 | 152.00 | 820.00 | OK |
Version: 0.3.2
Check: C++ specification
Result: NOTE
Specified C++11: please drop specification unless essential
Flavors: r-devel-linux-x86_64-debian-clang, r-devel-linux-x86_64-debian-gcc, r-devel-linux-x86_64-fedora-clang, r-devel-linux-x86_64-fedora-gcc, r-devel-windows-x86_64, r-patched-linux-x86_64
Version: 0.3.2
Check: installed package size
Result: NOTE
installed size is 12.7Mb
sub-directories of 1Mb or more:
libs 12.5Mb
Flavors: r-release-macos-arm64, r-release-macos-x86_64, r-oldrel-macos-arm64, r-oldrel-macos-x86_64