CRAN Package Check Results for Package Rlinsolve

Last updated on 2022-10-03 05:50:56 CEST.

Flavor Version Tinstall Tcheck Ttotal Status Flags
r-devel-linux-x86_64-debian-clang 0.3.2 320.43 84.27 404.70 OK
r-devel-linux-x86_64-debian-gcc 0.3.2 246.31 63.25 309.56 OK
r-devel-linux-x86_64-fedora-clang 0.3.2 603.32 OK
r-devel-linux-x86_64-fedora-gcc 0.3.2 538.13 OK
r-devel-windows-x86_64 0.3.2 227.00 130.00 357.00 OK
r-patched-linux-x86_64 0.3.2 255.27 78.37 333.64 OK
r-release-linux-x86_64 0.3.2 252.22 76.51 328.73 OK
r-release-macos-arm64 0.3.2 119.00 NOTE
r-release-macos-x86_64 0.3.2 151.00 NOTE
r-release-windows-x86_64 0.3.2 212.00 126.00 338.00 OK
r-oldrel-macos-arm64 0.3.2 132.00 NOTE
r-oldrel-macos-x86_64 0.3.2 162.00 NOTE
r-oldrel-windows-ix86+x86_64 0.3.2 677.00 147.00 824.00 OK

Check Details

Version: 0.3.2
Check: installed package size
Result: NOTE
     installed size is 12.7Mb
     sub-directories of 1Mb or more:
     libs 12.5Mb
Flavors: r-release-macos-arm64, r-release-macos-x86_64, r-oldrel-macos-arm64, r-oldrel-macos-x86_64