CRAN Package Check Results for Package Rmalschains

Last updated on 2021-10-19 14:51:38 CEST.

Flavor Version Tinstall Tcheck Ttotal Status Flags
r-devel-linux-x86_64-debian-clang 0.2-6 106.88 28.49 135.37 OK
r-devel-linux-x86_64-debian-gcc 0.2-6 78.54 22.06 100.60 OK
r-devel-linux-x86_64-fedora-clang 0.2-6 265.05 NOTE
r-devel-linux-x86_64-fedora-gcc 0.2-6 184.43 OK
r-devel-windows-x86_64 0.2-6 159.00 61.00 220.00 OK
r-devel-windows-x86_64-gcc10-UCRT 0.2-6 OK
r-patched-linux-x86_64 0.2-6 95.64 27.32 122.96 OK
r-patched-solaris-x86 0.2-6 193.40 OK
r-release-linux-x86_64 0.2-6 96.83 27.57 124.40 OK
r-release-macos-arm64 0.2-6 NOTE
r-release-macos-x86_64 0.2-6 NOTE
r-release-windows-ix86+x86_64 0.2-6 251.00 91.00 342.00 OK
r-oldrel-macos-x86_64 0.2-6 NOTE
r-oldrel-windows-ix86+x86_64 0.2-6 332.00 91.00 423.00 OK

Check Details

Version: 0.2-6
Check: installed package size
Result: NOTE
     installed size is 7.0Mb
     sub-directories of 1Mb or more:
     libs 6.9Mb
Flavors: r-devel-linux-x86_64-fedora-clang, r-release-macos-arm64, r-release-macos-x86_64, r-oldrel-macos-x86_64