CRAN Package Check Results for Package RmecabKo

Last updated on 2020-01-24 07:56:08 CET.

Flavor Version Tinstall Tcheck Ttotal Status Flags
r-devel-linux-x86_64-debian-clang 0.1.6.2 32.74 25.16 57.90 OK
r-devel-linux-x86_64-debian-gcc 0.1.6.2 21.31 20.09 41.40 OK
r-devel-linux-x86_64-fedora-clang 0.1.6.2 81.28 OK
r-devel-linux-x86_64-fedora-gcc 0.1.6.2 74.11 OK
r-devel-windows-ix86+x86_64 0.1.6.2 88.00 77.00 165.00 OK
r-devel-windows-ix86+x86_64-gcc8 0.1.6.2 87.00 59.00 146.00 OK
r-patched-linux-x86_64 0.1.6.2 25.02 22.87 47.89 OK
r-release-linux-x86_64 0.1.6.2 24.40 22.89 47.29 OK
r-release-windows-ix86+x86_64 0.1.6.2 82.00 74.00 156.00 OK
r-release-osx-x86_64 0.1.6.2 ERROR
r-oldrel-windows-ix86+x86_64 0.1.6.2 50.00 50.00 100.00 OK
r-oldrel-osx-x86_64 0.1.6.2 ERROR

Check Details

Version: 0.1.6.2
Check: whether package can be installed
Result: ERROR
    Installation failed.
Flavors: r-release-osx-x86_64, r-oldrel-osx-x86_64