CRAN Package Check Results for Package Rmixmod

Last updated on 2019-07-16 07:51:02 CEST.

Flavor Version Tinstall Tcheck Ttotal Status Flags
r-devel-linux-x86_64-debian-clang 2.1.2.2 410.03 57.61 467.64 OK
r-devel-linux-x86_64-debian-gcc 2.1.2.2 429.70 62.18 491.88 OK
r-devel-linux-x86_64-fedora-clang 2.1.2.2 805.10 NOTE
r-devel-linux-x86_64-fedora-gcc 2.1.2.2 792.51 OK
r-devel-windows-ix86+x86_64 2.1.2.2 1262.00 123.00 1385.00 OK
r-patched-linux-x86_64 2.1.2.2 500.59 76.39 576.98 OK
r-patched-solaris-x86 2.1.2.2 822.40 OK
r-release-linux-x86_64 2.1.2.2 497.05 76.68 573.73 OK
r-release-windows-ix86+x86_64 2.1.2.2 922.00 162.00 1084.00 OK
r-release-osx-x86_64 2.1.2.2 NOTE
r-oldrel-windows-ix86+x86_64 2.1.2.2 1232.00 113.00 1345.00 OK
r-oldrel-osx-x86_64 2.1.2.2 NOTE

Additional issues

clang-UBSAN

Check Details

Version: 2.1.2.2
Check: installed package size
Result: NOTE
     installed size is 37.7Mb
     sub-directories of 1Mb or more:
     libs 36.8Mb
Flavors: r-devel-linux-x86_64-fedora-clang, r-release-osx-x86_64, r-oldrel-osx-x86_64