CRAN Package Check Results for Package Rmixmod

Last updated on 2019-10-14 05:47:07 CEST.

Flavor Version Tinstall Tcheck Ttotal Status Flags
r-devel-linux-x86_64-debian-clang 2.1.2.2 474.65 55.65 530.30 OK
r-devel-linux-x86_64-debian-gcc 2.1.2.2 397.74 64.21 461.95 OK
r-devel-linux-x86_64-fedora-clang 2.1.2.2 887.80 NOTE
r-devel-linux-x86_64-fedora-gcc 2.1.2.2 815.54 OK
r-devel-windows-ix86+x86_64 2.1.2.2 876.00 166.00 1042.00 OK
r-patched-linux-x86_64 2.1.2.2 484.21 74.55 558.76 OK
r-patched-solaris-x86 2.1.2.2 778.00 OK
r-release-linux-x86_64 2.1.2.2 485.24 73.98 559.22 OK
r-release-windows-ix86+x86_64 2.1.2.2 1239.00 117.00 1356.00 OK
r-release-osx-x86_64 2.1.2.2 NOTE
r-oldrel-windows-ix86+x86_64 2.1.2.2 862.00 116.00 978.00 OK
r-oldrel-osx-x86_64 2.1.2.2 NOTE

Additional issues

clang-UBSAN gcc-UBSAN

Check Details

Version: 2.1.2.2
Check: installed package size
Result: NOTE
     installed size is 38.8Mb
     sub-directories of 1Mb or more:
     libs 37.8Mb
Flavors: r-devel-linux-x86_64-fedora-clang, r-release-osx-x86_64, r-oldrel-osx-x86_64