CRAN Package Check Results for Package Rmosek

Last updated on 2023-01-30 11:52:59 CET.

Flavor Version Tinstall Tcheck Ttotal Status Flags
r-devel-linux-x86_64-debian-clang 1.3.5 1.80 22.10 23.90 NOTE
r-devel-linux-x86_64-debian-gcc 1.3.5 1.57 17.67 19.24 NOTE
r-devel-linux-x86_64-fedora-clang 1.3.5 32.44 OK
r-devel-linux-x86_64-fedora-gcc 1.3.5 31.77 OK
r-devel-windows-x86_64 1.3.5 4.00 59.00 63.00 OK
r-patched-linux-x86_64 1.3.5 2.02 22.79 24.81 NOTE
r-release-linux-x86_64 1.3.5 1.72 23.12 24.84 NOTE
r-release-macos-arm64 1.3.5 16.00 OK
r-release-macos-x86_64 1.3.5 20.00 OK
r-release-windows-x86_64 1.3.5 15.00 58.00 73.00 OK
r-oldrel-macos-arm64 1.3.5 24.00 OK
r-oldrel-macos-x86_64 1.3.5 25.00 OK
r-oldrel-windows-ix86+x86_64 1.3.5 6.00 50.00 56.00 OK

Check Details

Version: 1.3.5
Check: R code for possible problems
Result: NOTE
    Found the following calls to attach():
    File ‘Rmosek/R/builder.R’:
     attach(builderenv, pos, name, warn.conflicts)
    See section ‘Good practice’ in ‘?attach’.
Flavors: r-devel-linux-x86_64-debian-clang, r-devel-linux-x86_64-debian-gcc, r-patched-linux-x86_64, r-release-linux-x86_64