CRAN Package Check Results for Package Rmpfr

Last updated on 2020-09-26 17:48:36 CEST.

Flavor Version Tinstall Tcheck Ttotal Status Flags
r-devel-linux-x86_64-debian-clang 0.8-1 22.93 170.98 193.91 OK
r-devel-linux-x86_64-debian-gcc 0.8-1 17.23 128.34 145.57 OK
r-devel-linux-x86_64-fedora-clang 0.8-1 241.28 NOTE
r-devel-linux-x86_64-fedora-gcc 0.8-1 229.40 OK
r-devel-windows-ix86+x86_64 0.8-1 39.00 362.00 401.00 OK
r-patched-linux-x86_64 0.8-1 19.64 164.47 184.11 OK
r-patched-solaris-x86 0.8-1 276.90 OK
r-release-linux-x86_64 0.8-1 20.30 165.30 185.60 OK
r-release-macos-x86_64 0.8-1 OK
r-release-windows-ix86+x86_64 0.8-1 35.00 342.00 377.00 OK
r-oldrel-macos-x86_64 0.8-1 OK
r-oldrel-windows-ix86+x86_64 0.8-1 52.00 318.00 370.00 OK

Check Details

Version: 0.8-1
Check: Rd cross-references
Result: NOTE
    Undeclared packages ‘dfoptim’, ‘pracma’ in Rd xrefs
Flavor: r-devel-linux-x86_64-fedora-clang