Last updated on 2023-12-01 04:54:08 CET.
Flavor | Version | Tinstall | Tcheck | Ttotal | Status | Flags |
---|---|---|---|---|---|---|
r-devel-linux-x86_64-debian-clang | 0.7-1 | 6.88 | 43.82 | 50.70 | WARN | |
r-devel-linux-x86_64-debian-gcc | 0.7-1 | 6.57 | 34.03 | 40.60 | OK | |
r-devel-linux-x86_64-fedora-clang | 0.7-1 | 72.90 | WARN | |||
r-devel-linux-x86_64-fedora-gcc | 0.7-1 | 71.38 | OK | |||
r-devel-windows-x86_64 | 0.7-1 | 60.00 | 62.00 | 122.00 | OK | |
r-patched-linux-x86_64 | 0.7-1 | 9.16 | 42.83 | 51.99 | OK | |
r-release-linux-x86_64 | 0.7-1 | 7.71 | 42.75 | 50.46 | OK | |
r-release-macos-x86_64 | 0.7-1 | 49.00 | ERROR | |||
r-release-windows-x86_64 | 0.7-1 | 67.00 | 64.00 | 131.00 | OK | |
r-oldrel-macos-arm64 | 0.6-9.2 | 10.00 | ERROR | |||
r-oldrel-macos-x86_64 | 0.7-1 | 21.00 | ERROR | |||
r-oldrel-windows-x86_64 | 0.7-1 | 215.00 | 104.00 | 319.00 | OK |
Version: 0.7-1
Check: whether package can be installed
Result: WARN
Found the following significant warnings:
internal.c:30:9: warning: format string is not a string literal (potentially insecure) [-Wformat-security]
See ‘/home/hornik/tmp/R.check/r-devel-clang/Work/PKGS/Rmpi.Rcheck/00install.out’ for details.
* used C compiler: ‘Debian clang version 17.0.5 (1)’
Flavor: r-devel-linux-x86_64-debian-clang
Version: 0.7-1
Check: whether package can be installed
Result: WARN
Found the following significant warnings:
internal.c:30:9: warning: format string is not a string literal (potentially insecure) [-Wformat-security]
See ‘/data/gannet/ripley/R/packages/tests-clang/Rmpi.Rcheck/00install.out’ for details.
* used C compiler: ‘clang version 17.0.5’
Flavor: r-devel-linux-x86_64-fedora-clang
Version: 0.7-1
Check: whether package can be installed
Result: ERROR
Installation failed.
Flavors: r-release-macos-x86_64, r-oldrel-macos-x86_64
Version: 0.6-9.2
Check: whether package can be installed
Result: ERROR
Installation failed.
Flavor: r-oldrel-macos-arm64