CRAN Package Check Results for Package Rmpi

Last updated on 2022-05-17 06:53:19 CEST.

Flavor Version Tinstall Tcheck Ttotal Status Flags
r-devel-linux-x86_64-debian-clang 0.6-9.2 7.73 50.42 58.15 OK
r-devel-linux-x86_64-debian-gcc 0.6-9.2 6.09 39.65 45.74 OK
r-devel-linux-x86_64-fedora-clang 0.6-9.2 69.23 OK
r-devel-linux-x86_64-fedora-gcc 0.6-9.2 71.07 OK
r-devel-windows-x86_64 0.6-9.2 256.00 69.00 325.00 OK
r-patched-linux-x86_64 0.6-9.2 8.83 46.68 55.51 OK
r-release-linux-x86_64 0.6-9.2 7.38 47.27 54.65 OK
r-release-macos-arm64 0.6-9.2 12.00 ERROR
r-release-macos-x86_64 0.6-9.2 17.00 ERROR
r-release-windows-x86_64 0.6-9.2 91.00 66.00 157.00 OK
r-oldrel-macos-arm64 0.6-9.2 11.00 ERROR
r-oldrel-macos-x86_64 0.6-9.2 17.00 ERROR
r-oldrel-windows-ix86+x86_64 0.6-9.2 15.00 49.00 64.00 OK

Additional issues

donttest

Check Details

Version: 0.6-9.2
Check: whether package can be installed
Result: ERROR
    Installation failed.
Flavors: r-release-macos-arm64, r-release-macos-x86_64, r-oldrel-macos-arm64, r-oldrel-macos-x86_64