Last updated on 2023-11-29 09:08:52 CET.
Flavor | Version | Tinstall | Tcheck | Ttotal | Status | Flags |
---|---|---|---|---|---|---|
r-devel-linux-x86_64-debian-clang | 1.0.2 | 29.26 | 123.69 | 152.95 | OK | |
r-devel-linux-x86_64-debian-gcc | 1.0.2 | 20.20 | 91.72 | 111.92 | OK | |
r-devel-linux-x86_64-fedora-clang | 1.0.2 | 204.93 | NOTE | |||
r-devel-linux-x86_64-fedora-gcc | 1.0.2 | 216.10 | OK | |||
r-devel-windows-x86_64 | 1.0.2 | 35.00 | 147.00 | 182.00 | OK | |
r-patched-linux-x86_64 | 1.0.2 | 25.79 | 119.18 | 144.97 | OK | |
r-release-linux-x86_64 | 1.0.2 | 26.08 | 118.45 | 144.53 | OK | |
r-release-macos-arm64 | 1.0.2 | 79.00 | OK | |||
r-release-macos-x86_64 | 1.0.2 | 172.00 | OK | |||
r-release-windows-x86_64 | 1.0.2 | 45.00 | 170.00 | 215.00 | OK | |
r-oldrel-macos-arm64 | 1.0.2 | 87.00 | OK | |||
r-oldrel-macos-x86_64 | 1.0.2 | 110.00 | OK | |||
r-oldrel-windows-x86_64 | 1.0.2 | 30.00 | 166.00 | 196.00 | OK |
Version: 1.0.2
Check: Rd cross-references
Result: NOTE
Undeclared package ‘extraDistr’ in Rd xrefs
Flavor: r-devel-linux-x86_64-fedora-clang