CRAN Package Check Results for Package RoBSA

Last updated on 2022-12-09 19:51:56 CET.

Flavor Version Tinstall Tcheck Ttotal Status Flags
r-devel-linux-x86_64-debian-clang 1.0.0 22.51 114.36 136.87 OK
r-devel-linux-x86_64-debian-gcc 1.0.0 18.15 97.28 115.43 OK
r-devel-linux-x86_64-fedora-clang 1.0.0 198.46 NOTE
r-devel-linux-x86_64-fedora-gcc 1.0.0 208.85 NOTE
r-devel-windows-x86_64 1.0.0 36.00 220.00 256.00 OK
r-patched-linux-x86_64 1.0.0 20.61 111.32 131.93 OK
r-release-linux-x86_64 1.0.0 19.93 110.13 130.06 OK
r-release-macos-arm64 1.0.0 66.00 NOTE
r-release-macos-x86_64 1.0.0 93.00 NOTE
r-release-windows-x86_64 1.0.0 53.00 196.00 249.00 OK
r-oldrel-macos-arm64 1.0.0 66.00 NOTE
r-oldrel-macos-x86_64 1.0.0 93.00 NOTE
r-oldrel-windows-ix86+x86_64 1.0.0 50.00 266.00 316.00 OK

Check Details

Version: 1.0.0
Check: dependencies in R code
Result: NOTE
    Namespaces in Imports field not imported from:
     ‘Rdpack’ ‘bridgesampling’ ‘runjags’
     All declared Imports should be used.
Flavors: r-devel-linux-x86_64-fedora-clang, r-devel-linux-x86_64-fedora-gcc, r-release-macos-arm64, r-release-macos-x86_64, r-oldrel-macos-arm64, r-oldrel-macos-x86_64

Version: 1.0.0
Check: Rd cross-references
Result: NOTE
    Undeclared package ‘extraDistr’ in Rd xrefs
Flavor: r-devel-linux-x86_64-fedora-clang