Last updated on 2023-03-29 16:50:26 CEST.
Flavor | Version | Tinstall | Tcheck | Ttotal | Status | Flags |
---|---|---|---|---|---|---|
r-devel-linux-x86_64-debian-clang | 1.2.0 | 13.92 | 37.72 | 51.64 | NOTE | |
r-devel-linux-x86_64-debian-gcc | 1.2.0 | 15.12 | 30.74 | 45.86 | NOTE | |
r-devel-linux-x86_64-fedora-clang | 1.2.0 | 67.23 | NOTE | |||
r-devel-linux-x86_64-fedora-gcc | 1.2.0 | 68.46 | NOTE | |||
r-devel-windows-x86_64 | 1.2.0 | 171.00 | 65.00 | 236.00 | NOTE | |
r-patched-linux-x86_64 | 1.2.0 | 14.89 | 37.45 | 52.34 | NOTE | |
r-release-linux-x86_64 | 1.2.0 | 14.32 | 33.54 | 47.86 | NOTE | |
r-release-macos-arm64 | 1.2.0 | 24.00 | NOTE | |||
r-release-macos-x86_64 | 1.2.0 | 34.00 | NOTE | |||
r-release-windows-x86_64 | 1.2.0 | 37.00 | 53.00 | 90.00 | NOTE | |
r-oldrel-macos-arm64 | 1.2.0 | 30.00 | NOTE | |||
r-oldrel-macos-x86_64 | 1.2.0 | 53.00 | NOTE | |||
r-oldrel-windows-ix86+x86_64 | 1.2.0 | 33.00 | 44.00 | 77.00 | NOTE |
Version: 1.2.0
Check: LazyData
Result: NOTE
'LazyData' is specified without a 'data' directory
Flavors: r-devel-linux-x86_64-debian-clang, r-devel-linux-x86_64-debian-gcc, r-devel-linux-x86_64-fedora-clang, r-devel-linux-x86_64-fedora-gcc, r-devel-windows-x86_64, r-patched-linux-x86_64, r-release-linux-x86_64, r-release-macos-arm64, r-release-macos-x86_64, r-release-windows-x86_64, r-oldrel-macos-arm64, r-oldrel-macos-x86_64, r-oldrel-windows-ix86+x86_64
Version: 1.2.0
Check: installed package size
Result: NOTE
installed size is 11.4Mb
sub-directories of 1Mb or more:
R 11.2Mb
Flavors: r-devel-linux-x86_64-fedora-clang, r-devel-windows-x86_64, r-release-macos-arm64, r-release-macos-x86_64, r-release-windows-x86_64, r-oldrel-macos-arm64, r-oldrel-macos-x86_64, r-oldrel-windows-ix86+x86_64