CRAN Package Check Results for Package RobLox

Last updated on 2021-04-10 16:48:38 CEST.

Flavor Version Tinstall Tcheck Ttotal Status Flags
r-devel-linux-x86_64-debian-clang 1.2.0 19.60 192.10 211.70 OK
r-devel-linux-x86_64-debian-gcc 1.2.0 15.90 137.35 153.25 OK
r-devel-linux-x86_64-fedora-clang 1.2.0 251.89 NOTE
r-devel-linux-x86_64-fedora-gcc 1.2.0 243.91 OK
r-devel-windows-ix86+x86_64 1.2.0 30.00 154.00 184.00 OK
r-devel-windows-x86_64-gcc10-UCRT 1.2.0 OK
r-patched-linux-x86_64 1.2.0 19.48 173.62 193.10 OK
r-patched-solaris-x86 1.2.0 320.70 OK
r-release-linux-x86_64 1.2.0 17.07 172.50 189.57 OK
r-release-macos-x86_64 1.2.0 OK
r-release-windows-ix86+x86_64 1.2.0 28.00 212.00 240.00 OK
r-oldrel-macos-x86_64 1.2.0 OK
r-oldrel-windows-ix86+x86_64 1.2.0 36.00 201.00 237.00 OK

Check Details

Version: 1.2.0
Check: Rd cross-references
Result: NOTE
    Undeclared package ‘ROptEst’ in Rd xrefs
Flavor: r-devel-linux-x86_64-fedora-clang