CRAN Package Check Results for Package RobMixReg

Last updated on 2023-06-06 06:53:55 CEST.

Flavor Version Tinstall Tcheck Ttotal Status Flags
r-devel-linux-x86_64-debian-clang 1.1.0 12.82 94.88 107.70 OK
r-devel-linux-x86_64-debian-gcc 1.1.0 9.40 71.48 80.88 OK
r-devel-linux-x86_64-fedora-clang 1.1.0 136.71 NOTE
r-devel-linux-x86_64-fedora-gcc 1.1.0 128.92 NOTE
r-devel-windows-x86_64 1.1.0 12.00 90.00 102.00 OK
r-patched-linux-x86_64 1.1.0 12.32 89.21 101.53 OK
r-release-linux-x86_64 1.1.0 10.95 89.40 100.35 OK
r-release-macos-arm64 1.1.0 42.00 OK
r-release-macos-x86_64 1.1.0 65.00 OK
r-release-windows-x86_64 1.1.0 15.00 104.00 119.00 OK
r-oldrel-macos-arm64 1.1.0 41.00 NOTE
r-oldrel-macos-x86_64 1.1.0 68.00 NOTE
r-oldrel-windows-x86_64 1.1.0 16.00 103.00 119.00 OK

Check Details

Version: 1.1.0
Check: dependencies in R code
Result: NOTE
    Namespace in Imports field not imported from: ‘glmnet’
     All declared Imports should be used.
Flavors: r-devel-linux-x86_64-fedora-clang, r-devel-linux-x86_64-fedora-gcc, r-oldrel-macos-arm64, r-oldrel-macos-x86_64