CRAN Package Check Results for Package RobMixReg

Last updated on 2022-09-26 12:53:32 CEST.

Flavor Version Tinstall Tcheck Ttotal Status Flags
r-devel-linux-x86_64-debian-clang 1.1.0 13.31 104.46 117.77 OK
r-devel-linux-x86_64-debian-gcc 1.1.0 10.02 77.61 87.63 OK
r-devel-linux-x86_64-fedora-clang 1.1.0 162.49 NOTE
r-devel-linux-x86_64-fedora-gcc 1.1.0 154.57 NOTE
r-devel-windows-x86_64 1.1.0 27.00 134.00 161.00 OK
r-patched-linux-x86_64 1.1.0 13.17 98.85 112.02 OK
r-release-linux-x86_64 1.1.0 11.78 98.29 110.07 OK
r-release-macos-arm64 1.1.0 41.00 NOTE
r-release-macos-x86_64 1.1.0 68.00 NOTE
r-release-windows-x86_64 1.1.0 40.00 124.00 164.00 OK
r-oldrel-macos-arm64 1.1.0 52.00 NOTE
r-oldrel-macos-x86_64 1.1.0 73.00 NOTE
r-oldrel-windows-ix86+x86_64 1.1.0 27.00 129.00 156.00 OK

Check Details

Version: 1.1.0
Check: dependencies in R code
Result: NOTE
    Namespace in Imports field not imported from: ‘glmnet’
     All declared Imports should be used.
Flavors: r-devel-linux-x86_64-fedora-clang, r-devel-linux-x86_64-fedora-gcc, r-release-macos-arm64, r-release-macos-x86_64, r-oldrel-macos-arm64, r-oldrel-macos-x86_64