CRAN Package Check Results for Package RobustLinearReg

Last updated on 2024-03-04 04:51:41 CET.

Flavor Version Tinstall Tcheck Ttotal Status Flags
r-devel-linux-x86_64-debian-clang 1.2.0 2.21 20.23 22.44 NOTE
r-devel-linux-x86_64-debian-gcc 1.2.0 1.60 16.20 17.80 NOTE
r-devel-linux-x86_64-fedora-clang 1.2.0 29.38 NOTE
r-devel-linux-x86_64-fedora-gcc 1.2.0 26.54 NOTE
r-devel-windows-x86_64 1.2.0 2.00 34.00 36.00 NOTE
r-patched-linux-x86_64 1.2.0 1.87 19.80 21.67 NOTE
r-release-linux-x86_64 1.2.0 2.12 19.94 22.06 NOTE
r-release-macos-arm64 1.2.0 16.00 NOTE
r-release-macos-x86_64 1.2.0 17.00 NOTE
r-release-windows-x86_64 1.2.0 5.00 32.00 37.00 NOTE
r-oldrel-macos-arm64 1.2.0 15.00 NOTE
r-oldrel-windows-x86_64 1.2.0 4.00 40.00 44.00 NOTE

Check Details

Version: 1.2.0
Check: LazyData
Result: NOTE 'LazyData' is specified without a 'data' directory Flavors: r-devel-linux-x86_64-debian-clang, r-devel-linux-x86_64-debian-gcc, r-devel-linux-x86_64-fedora-clang, r-devel-linux-x86_64-fedora-gcc, r-devel-windows-x86_64, r-patched-linux-x86_64, r-release-linux-x86_64, r-release-macos-arm64, r-release-macos-x86_64, r-release-windows-x86_64, r-oldrel-macos-arm64, r-oldrel-windows-x86_64