CRAN Package Check Results for Package RonFHIR

Last updated on 2023-03-30 09:55:22 CEST.

Flavor Version Tinstall Tcheck Ttotal Status Flags
r-devel-linux-x86_64-debian-clang 0.4.0 4.84 32.09 36.93 NOTE
r-devel-linux-x86_64-debian-gcc 0.4.0 5.34 25.47 30.81 NOTE
r-devel-linux-x86_64-fedora-clang 0.4.0 48.52 NOTE
r-devel-linux-x86_64-fedora-gcc 0.4.0 50.50 NOTE
r-devel-windows-x86_64 0.4.0 16.00 0.00 16.00 NOTE
r-patched-linux-x86_64 0.4.0 5.57 30.97 36.54 NOTE
r-release-linux-x86_64 0.4.0 5.18 33.10 38.28 NOTE
r-release-macos-arm64 0.4.0 16.00 NOTE
r-release-macos-x86_64 0.4.0 25.00 NOTE
r-release-windows-x86_64 0.4.0 17.00 62.00 79.00 NOTE
r-oldrel-macos-arm64 0.4.0 21.00 NOTE
r-oldrel-macos-x86_64 0.4.0 28.00 NOTE
r-oldrel-windows-ix86+x86_64 0.4.0 12.00 55.00 67.00 NOTE

Check Details

Version: 0.4.0
Check: LazyData
Result: NOTE
     'LazyData' is specified without a 'data' directory
Flavors: r-devel-linux-x86_64-debian-clang, r-devel-linux-x86_64-debian-gcc, r-devel-linux-x86_64-fedora-clang, r-devel-linux-x86_64-fedora-gcc, r-devel-windows-x86_64, r-patched-linux-x86_64, r-release-linux-x86_64, r-release-macos-arm64, r-release-macos-x86_64, r-release-windows-x86_64, r-oldrel-macos-arm64, r-oldrel-macos-x86_64, r-oldrel-windows-ix86+x86_64