CRAN Package Check Results for Package RonFHIR

Last updated on 2024-04-20 06:58:54 CEST.

Flavor Version Tinstall Tcheck Ttotal Status Flags
r-devel-linux-x86_64-debian-clang 0.4.0 6.25 33.01 39.26 NOTE
r-devel-linux-x86_64-debian-gcc 0.4.0 4.65 25.22 29.87 NOTE
r-devel-linux-x86_64-fedora-clang 0.4.0 49.65 NOTE
r-devel-linux-x86_64-fedora-gcc 0.4.0 47.18 NOTE
r-prerel-macos-arm64 0.4.0 18.00 NOTE
r-prerel-windows-x86_64 0.4.0 7.00 45.00 52.00 NOTE
r-patched-linux-x86_64 0.4.0 4.98 31.30 36.28 NOTE
r-release-linux-x86_64 0.4.0 6.06 31.55 37.61 NOTE
r-release-macos-arm64 0.4.0 22.00 NOTE
r-release-macos-x86_64 0.4.0 26.00 NOTE
r-release-windows-x86_64 0.4.0 8.00 48.00 56.00 NOTE
r-oldrel-macos-arm64 0.4.0 16.00 NOTE
r-oldrel-windows-x86_64 0.4.0 9.00 53.00 62.00 NOTE

Check Details

Version: 0.4.0
Check: LazyData
Result: NOTE 'LazyData' is specified without a 'data' directory Flavors: r-devel-linux-x86_64-debian-clang, r-devel-linux-x86_64-debian-gcc, r-devel-linux-x86_64-fedora-clang, r-devel-linux-x86_64-fedora-gcc, r-prerel-macos-arm64, r-prerel-windows-x86_64, r-patched-linux-x86_64, r-release-linux-x86_64, r-release-macos-arm64, r-release-macos-x86_64, r-release-windows-x86_64, r-oldrel-macos-arm64, r-oldrel-windows-x86_64