CRAN Package Check Results for Package Rook

Last updated on 2021-09-28 06:48:36 CEST.

Flavor Version Tinstall Tcheck Ttotal Status Flags
r-devel-linux-x86_64-debian-clang 1.1-1 6.09 33.82 39.91 OK
r-devel-linux-x86_64-debian-gcc 1.1-1 4.98 26.84 31.82 OK
r-devel-linux-x86_64-fedora-clang 1.1-1 57.99 NOTE
r-devel-linux-x86_64-fedora-gcc 1.1-1 47.02 NOTE
r-devel-windows-x86_64 1.1-1 7.00 39.00 46.00 OK
r-devel-windows-x86_64-gcc10-UCRT 1.1-1 OK
r-patched-linux-x86_64 1.1-1 6.15 32.90 39.05 OK
r-patched-solaris-x86 1.1-1 68.50 OK
r-release-linux-x86_64 1.1-1 5.13 33.58 38.71 OK
r-release-macos-arm64 1.1-1 OK
r-release-macos-x86_64 1.1-1 OK
r-release-windows-ix86+x86_64 1.1-1 14.00 59.00 73.00 OK
r-oldrel-macos-x86_64 1.1-1 OK
r-oldrel-windows-ix86+x86_64 1.1-1 10.00 56.00 66.00 OK

Additional issues

rchk

Check Details

Version: 1.1-1
Check: compiled code
Result: NOTE
    File ‘Rook/libs/Rook.so’:
     Found no call to: ‘R_useDynamicSymbols’
    
    It is good practice to register native routines and to disable symbol
    search.
    
    See ‘Writing portable packages’ in the ‘Writing R Extensions’ manual.
Flavors: r-devel-linux-x86_64-fedora-clang, r-devel-linux-x86_64-fedora-gcc