CRAN Package Check Results for Package RoundAndRound

Last updated on 2024-07-16 00:56:10 CEST.

Flavor Version Tinstall Tcheck Ttotal Status Flags
r-devel-linux-x86_64-debian-clang 0.0.1 2.69 25.10 27.79 OK
r-devel-linux-x86_64-debian-gcc 0.0.1 2.14 20.01 22.15 OK
r-devel-linux-x86_64-fedora-clang 0.0.1 35.09 NOTE
r-devel-linux-x86_64-fedora-gcc 0.0.1 35.36 NOTE
r-devel-windows-x86_64 0.0.1 4.00 43.00 47.00 OK
r-patched-linux-x86_64 0.0.1 1.99 23.83 25.82 OK
r-release-linux-x86_64 0.0.1 2.03 24.01 26.04 OK
r-release-macos-arm64 0.0.1 16.00 OK
r-release-macos-x86_64 0.0.1 22.00 OK
r-release-windows-x86_64 0.0.1 4.00 44.00 48.00 OK
r-oldrel-macos-arm64 0.0.1 17.00 OK
r-oldrel-macos-x86_64 0.0.1 21.00 OK
r-oldrel-windows-x86_64 0.0.1 5.00 46.00 51.00 OK

Check Details

Version: 0.0.1
Check: dependencies in R code
Result: NOTE Namespace in Imports field not imported from: ‘geometry’ All declared Imports should be used. Flavors: r-devel-linux-x86_64-fedora-clang, r-devel-linux-x86_64-fedora-gcc