Last updated on 2023-06-05 15:58:33 CEST.
Flavor | Version | Tinstall | Tcheck | Ttotal | Status | Flags |
---|---|---|---|---|---|---|
r-devel-linux-x86_64-debian-clang | 0.1-2 | 8.59 | 23.25 | 31.84 | OK | |
r-devel-linux-x86_64-debian-gcc | 0.1-2 | 4.76 | 18.15 | 22.91 | OK | |
r-devel-linux-x86_64-fedora-clang | 0.1-2 | 41.32 | OK | |||
r-devel-linux-x86_64-fedora-gcc | 0.1-2 | 38.41 | OK | |||
r-patched-linux-x86_64 | 0.1-2 | 5.97 | 22.22 | 28.19 | OK | |
r-release-linux-x86_64 | 0.1-2 | 5.83 | 22.13 | 27.96 | OK | |
r-release-macos-arm64 | 0.1-2 | 15.00 | ERROR | |||
r-release-macos-x86_64 | 0.1-1 | 45.00 | NOTE | |||
r-oldrel-macos-arm64 | 0.1-2 | 20.00 | ERROR | |||
r-oldrel-macos-x86_64 | 0.1-2 | 34.00 | NOTE |
Version: 0.1-2
Check: whether package can be installed
Result: ERROR
Installation failed.
Flavors: r-release-macos-arm64, r-oldrel-macos-arm64
Version: 0.1-1
Check: installed package size
Result: NOTE
installed size is 52.1Mb
sub-directories of 1Mb or more:
libs 52.0Mb
Flavor: r-release-macos-x86_64
Version: 0.1-2
Check: installed package size
Result: NOTE
installed size is 47.2Mb
sub-directories of 1Mb or more:
libs 47.1Mb
Flavor: r-oldrel-macos-x86_64