CRAN Package Check Results for Package Rpoppler

Last updated on 2019-09-22 01:46:23 CEST.

Flavor Version Tinstall Tcheck Ttotal Status Flags
r-devel-linux-x86_64-debian-clang 0.1-0 6.32 18.78 25.10 OK
r-devel-linux-x86_64-debian-gcc 0.1-0 3.68 15.23 18.91 OK
r-devel-linux-x86_64-fedora-clang 0.1-0 32.48 OK
r-devel-linux-x86_64-fedora-gcc 0.1-0 30.16 OK
r-patched-linux-x86_64 0.1-0 4.53 18.83 23.36 OK
r-patched-solaris-x86 0.1-0 45.80 OK
r-release-linux-x86_64 0.1-0 4.55 18.97 23.52 OK
r-release-osx-x86_64 0.1-0 ERROR
r-oldrel-osx-x86_64 0.1-0 ERROR

Additional issues

valgrind

Check Details

Version: 0.1-0
Check: whether package can be installed
Result: ERROR
    Installation failed.
Flavors: r-release-osx-x86_64, r-oldrel-osx-x86_64