CRAN Package Check Results for Package Rpoppler

Last updated on 2019-06-25 18:48:29 CEST.

Flavor Version Tinstall Tcheck Ttotal Status Flags
r-devel-linux-x86_64-debian-clang 0.1-0 5.80 19.51 25.31 OK
r-devel-linux-x86_64-debian-gcc 0.1-0 4.08 15.70 19.78 OK
r-devel-linux-x86_64-fedora-clang 0.1-0 30.69 OK
r-devel-linux-x86_64-fedora-gcc 0.1-0 29.30 OK
r-patched-linux-x86_64 0.1-0 4.75 19.50 24.25 OK
r-patched-solaris-x86 0.1-0 49.50 OK
r-release-linux-x86_64 0.1-0 4.85 19.46 24.31 OK
r-release-osx-x86_64 0.1-0 ERROR
r-oldrel-osx-x86_64 0.1-0 ERROR

Check Details

Version: 0.1-0
Check: whether package can be installed
Result: ERROR
    Installation failed.
Flavors: r-release-osx-x86_64, r-oldrel-osx-x86_64