CRAN Package Check Results for Package RprobitB

Last updated on 2021-10-22 17:51:12 CEST.

Flavor Version Tinstall Tcheck Ttotal Status Flags
r-devel-linux-x86_64-debian-clang 0.1.1 48.16 38.72 86.88 OK
r-devel-linux-x86_64-debian-gcc 0.1.1 35.45 30.11 65.56 OK
r-devel-linux-x86_64-fedora-clang 0.1.1 133.91 OK
r-devel-linux-x86_64-fedora-gcc 0.1.1 114.62 OK
r-devel-windows-x86_64 0.1.1 62.00 71.00 133.00 OK
r-devel-windows-x86_64-gcc10-UCRT 0.1.1 OK
r-patched-linux-x86_64 0.1.1 42.69 37.89 80.58 OK
r-patched-solaris-x86 0.1.1 126.70 OK
r-release-linux-x86_64 0.1.1 40.15 37.42 77.57 OK
r-release-macos-arm64 0.1.1 NOTE
r-release-macos-x86_64 0.1.1 OK
r-release-windows-ix86+x86_64 0.1.1 86.00 82.00 168.00 OK
r-oldrel-macos-x86_64 0.1.1 OK
r-oldrel-windows-ix86+x86_64 0.1.1 126.00 87.00 213.00 OK

Check Details

Version: 0.1.1
Check: installed package size
Result: NOTE
     installed size is 5.6Mb
     sub-directories of 1Mb or more:
     libs 5.3Mb
Flavor: r-release-macos-arm64