CRAN Package Check Results for Package Rpvt

Last updated on 2021-10-17 00:48:49 CEST.

Flavor Version Tinstall Tcheck Ttotal Status Flags
r-devel-linux-x86_64-debian-clang 0.1.1 69.72 46.24 115.96 NOTE
r-devel-linux-x86_64-debian-gcc 0.1.1 53.71 35.70 89.41 NOTE
r-devel-linux-x86_64-fedora-clang 0.1.1 182.11 NOTE
r-devel-linux-x86_64-fedora-gcc 0.1.1 160.16 NOTE
r-devel-windows-x86_64 0.1.1 82.00 65.00 147.00 NOTE
r-devel-windows-x86_64-gcc10-UCRT 0.1.1 NOTE
r-patched-linux-x86_64 0.1.1 64.04 44.37 108.41 NOTE
r-patched-solaris-x86 0.1.1 140.10 NOTE
r-release-linux-x86_64 0.1.1 63.62 44.32 107.94 NOTE
r-release-macos-arm64 0.1.1 NOTE
r-release-macos-x86_64 0.1.1 NOTE
r-release-windows-ix86+x86_64 0.1.1 132.00 99.00 231.00 NOTE
r-oldrel-macos-x86_64 0.1.1 OK
r-oldrel-windows-ix86+x86_64 0.1.1 193.00 95.00 288.00 OK

Check Details

Version: 0.1.1
Check: LazyData
Result: NOTE
     'LazyData' is specified without a 'data' directory
Flavors: r-devel-linux-x86_64-debian-clang, r-devel-linux-x86_64-debian-gcc, r-devel-linux-x86_64-fedora-clang, r-devel-linux-x86_64-fedora-gcc, r-devel-windows-x86_64, r-devel-windows-x86_64-gcc10-UCRT, r-patched-linux-x86_64, r-patched-solaris-x86, r-release-linux-x86_64, r-release-macos-arm64, r-release-macos-x86_64, r-release-windows-ix86+x86_64