Last updated on 2023-09-27 06:02:19 CEST.
Flavor | Version | Tinstall | Tcheck | Ttotal | Status | Flags |
---|---|---|---|---|---|---|
r-devel-linux-x86_64-debian-clang | 1.2-1 | 38.19 | 53.96 | 92.15 | NOTE | |
r-devel-linux-x86_64-debian-gcc | 1.2-1 | 29.78 | 41.09 | 70.87 | NOTE | |
r-devel-linux-x86_64-fedora-clang | 1.2-1 | 127.80 | NOTE | |||
r-devel-linux-x86_64-fedora-gcc | 1.2-1 | 140.82 | NOTE | |||
r-devel-windows-x86_64 | 1.2-1 | 33.00 | 82.00 | 115.00 | NOTE | |
r-patched-linux-x86_64 | 1.2-1 | 38.60 | 51.84 | 90.44 | NOTE | |
r-release-linux-x86_64 | 1.2-1 | 39.03 | 53.14 | 92.17 | NOTE | |
r-release-macos-arm64 | 1.2-1 | 35.00 | NOTE | |||
r-release-macos-x86_64 | 1.2-1 | 57.00 | NOTE | |||
r-release-windows-x86_64 | 1.2-1 | 40.00 | 91.00 | 131.00 | NOTE | |
r-oldrel-macos-arm64 | 1.2-1 | 35.00 | OK | |||
r-oldrel-macos-x86_64 | 1.2-1 | 47.00 | OK | |||
r-oldrel-windows-x86_64 | 1.2-1 | 40.00 | 94.00 | 134.00 | OK |
Version: 1.2-1
Check: C++ specification
Result: NOTE
Specified C++11: please drop specification unless essential
Flavors: r-devel-linux-x86_64-debian-clang, r-devel-linux-x86_64-debian-gcc, r-devel-linux-x86_64-fedora-clang, r-devel-linux-x86_64-fedora-gcc, r-devel-windows-x86_64, r-patched-linux-x86_64, r-release-linux-x86_64, r-release-macos-arm64, r-release-macos-x86_64, r-release-windows-x86_64