CRAN Package Check Results for Package Rraven

Last updated on 2020-04-06 10:47:53 CEST.

Flavor Version Tinstall Tcheck Ttotal Status Flags
r-devel-linux-x86_64-debian-clang 1.0.9 4.35 56.18 60.53 OK
r-devel-linux-x86_64-debian-gcc 1.0.9 3.17 44.11 47.28 OK
r-devel-linux-x86_64-fedora-clang 1.0.9 50.81 NOTE
r-devel-linux-x86_64-fedora-gcc 1.0.9 70.40 NOTE
r-devel-windows-ix86+x86_64 1.0.9 12.00 86.00 98.00 OK
r-devel-windows-ix86+x86_64-gcc8 1.0.9 9.00 60.00 69.00 OK
r-patched-linux-x86_64 1.0.9 4.01 54.52 58.53 OK
r-patched-solaris-x86 1.0.9 74.20 NOTE
r-release-linux-x86_64 1.0.9 3.72 51.18 54.90 OK
r-release-windows-ix86+x86_64 1.0.9 7.00 80.00 87.00 OK
r-release-osx-x86_64 1.0.9 NOTE
r-oldrel-windows-ix86+x86_64 1.0.9 7.00 59.00 66.00 OK
r-oldrel-osx-x86_64 1.0.9 NOTE

Check Details

Version: 1.0.9
Check: dependencies in R code
Result: NOTE
    Namespace in Imports field not imported from: ‘NatureSounds’
     All declared Imports should be used.
Flavors: r-devel-linux-x86_64-fedora-clang, r-devel-linux-x86_64-fedora-gcc, r-patched-solaris-x86, r-release-osx-x86_64, r-oldrel-osx-x86_64