Last updated on 2023-02-05 13:53:00 CET.
Flavor | Version | Tinstall | Tcheck | Ttotal | Status | Flags |
---|---|---|---|---|---|---|
r-devel-linux-x86_64-debian-clang | 1.0.13 | 4.24 | 44.81 | 49.05 | OK | |
r-devel-linux-x86_64-debian-gcc | 1.0.13 | 2.89 | 34.30 | 37.19 | OK | |
r-devel-linux-x86_64-fedora-clang | 1.0.13 | 61.39 | NOTE | |||
r-devel-linux-x86_64-fedora-gcc | 1.0.13 | 70.71 | NOTE | |||
r-devel-windows-x86_64 | 1.0.13 | 22.00 | 89.00 | 111.00 | OK | |
r-patched-linux-x86_64 | 1.0.13 | 8.24 | 43.14 | 51.38 | OK | |
r-release-linux-x86_64 | 1.0.13 | 4.32 | 44.73 | 49.05 | OK | |
r-release-macos-arm64 | 1.0.13 | 24.00 | NOTE | |||
r-release-macos-x86_64 | 1.0.13 | 36.00 | NOTE | |||
r-release-windows-x86_64 | 1.0.13 | 18.00 | 91.00 | 109.00 | OK | |
r-oldrel-macos-arm64 | 1.0.13 | 29.00 | NOTE | |||
r-oldrel-macos-x86_64 | 1.0.13 | 36.00 | NOTE | |||
r-oldrel-windows-ix86+x86_64 | 1.0.13 | 8.00 | 81.00 | 89.00 | OK |
Version: 1.0.13
Check: dependencies in R code
Result: NOTE
Namespace in Imports field not imported from: ‘NatureSounds’
All declared Imports should be used.
Flavors: r-devel-linux-x86_64-fedora-clang, r-devel-linux-x86_64-fedora-gcc, r-release-macos-arm64, r-release-macos-x86_64, r-oldrel-macos-arm64, r-oldrel-macos-x86_64